{"version":"1.0","provider_name":"IEC 2024","provider_url":"https:\/\/www.iec2024.ec\/en\/","author_name":"J Marmol","author_url":"https:\/\/www.iec2024.ec\/en\/author\/jmarmol\/","title":"Arzobispo de Quito y la comisi\u00f3n organizadora recorren la ruta para la procesi\u00f3n eucar\u00edstica - IEC 2024","type":"rich","width":600,"height":338,"html":"<blockquote class=\"wp-embedded-content\" data-secret=\"9IRfFjZkLZ\"><a href=\"https:\/\/www.iec2024.ec\/en\/arzobispo-recorre-ruta-procesion-eucaristica\/\">Arzobispo de Quito y la comisi\u00f3n organizadora recorren la ruta para la procesi\u00f3n eucar\u00edstica<\/a><\/blockquote><iframe sandbox=\"allow-scripts\" security=\"restricted\" src=\"https:\/\/www.iec2024.ec\/en\/arzobispo-recorre-ruta-procesion-eucaristica\/embed\/#?secret=9IRfFjZkLZ\" width=\"600\" height=\"338\" title=\"&#8220;Arzobispo de Quito y la comisi\u00f3n organizadora recorren la ruta para la procesi\u00f3n eucar\u00edstica&#8221; &#8212; IEC 2024\" data-secret=\"9IRfFjZkLZ\" frameborder=\"0\" marginwidth=\"0\" marginheight=\"0\" scrolling=\"no\" class=\"wp-embedded-content\"><\/iframe><script type=\"text\/javascript\">\n\/* <![CDATA[ *\/\n\/*! This file is auto-generated *\/\n!function(d,l){\"use strict\";l.querySelector&&d.addEventListener&&\"undefined\"!=typeof URL&&(d.wp=d.wp||{},d.wp.receiveEmbedMessage||(d.wp.receiveEmbedMessage=function(e){var t=e.data;if((t||t.secret||t.message||t.value)&&!\/[^a-zA-Z0-9]\/.test(t.secret)){for(var s,r,n,a=l.querySelectorAll('iframe[data-secret=\"'+t.secret+'\"]'),o=l.querySelectorAll('blockquote[data-secret=\"'+t.secret+'\"]'),c=new RegExp(\"^https?:$\",\"i\"),i=0;i<o.length;i++)o[i].style.display=\"none\";for(i=0;i<a.length;i++)s=a[i],e.source===s.contentWindow&&(s.removeAttribute(\"style\"),\"height\"===t.message?(1e3<(r=parseInt(t.value,10))?r=1e3:~~r<200&&(r=200),s.height=r):\"link\"===t.message&&(r=new URL(s.getAttribute(\"src\")),n=new URL(t.value),c.test(n.protocol))&&n.host===r.host&&l.activeElement===s&&(d.top.location.href=t.value))}},d.addEventListener(\"message\",d.wp.receiveEmbedMessage,!1),l.addEventListener(\"DOMContentLoaded\",function(){for(var e,t,s=l.querySelectorAll(\"iframe.wp-embedded-content\"),r=0;r<s.length;r++)(t=(e=s[r]).getAttribute(\"data-secret\"))||(t=Math.random().toString(36).substring(2,12),e.src+=\"#?secret=\"+t,e.setAttribute(\"data-secret\",t)),e.contentWindow.postMessage({message:\"ready\",secret:t},\"*\")},!1)))}(window,document);\n\/* ]]> *\/\n<\/script>\n","thumbnail_url":"https:\/\/www.iec2024.ec\/wp-content\/uploads\/2024\/06\/WhatsApp-Image-2024-06-28-at-10.42.10-PM-1-scaled-e1719671350285.jpeg","thumbnail_width":1920,"thumbnail_height":2560,"description":"El Arzobispo de Quito, Monse\u00f1or Alfredo Espinoza Mateus, SDB, y los integrantes de la Comisi\u00f3n organizadora de la procesi\u00f3n eucar\u00edstica, recorrieron la ruta que seguir\u00e1 esta expresi\u00f3n de fe el s\u00e1bado 14 de septiembre, en el marco del 53\u00b0 Congreso Eucar\u00edstico Internacional. La caminata, inici\u00f3 en la hist\u00f3rica Plaza de San Francisco, desde donde se [&hellip;]"}

Arzobispo de Quito y la comisión organizadora recorren la ruta para la procesión eucarística - IEC 2024

<blockquote class="wp-embedded-content" data-secret="9IRfFjZkLZ"><a href="https://www.iec2024.ec/en/arzobispo-recorre-ruta-procesion-eucaristica/">Arzobispo de Quito y la comisión organizadora recorren la ruta para la procesión eucarística</a></blockquote><iframe sandbox="allow-scripts" security="restricted" src="https://www.iec2024.ec/en/arzobispo-recorre-ruta-procesion-eucaristica/embed/#?secret=9IRfFjZkLZ" width="600" height="338" title="&#8220;Arzobispo de Quito y la comisión organizadora recorren la ruta para la procesión eucarística&#8221; &#8212; IEC 2024" data-secret="9IRfFjZkLZ" frameborder="0" marginwidth="0" marginheight="0" scrolling="no" class="wp-embedded-content"></iframe><script type="text/javascript">
/* <![CDATA[ */
/*! This file is auto-generated */
!function(d,l){"use strict";l.querySelector&&d.addEventListener&&"undefined"!=typeof URL&&(d.wp=d.wp||{},d.wp.receiveEmbedMessage||(d.wp.receiveEmbedMessage=function(e){var t=e.data;if((t||t.secret||t.message||t.value)&&!/[^a-zA-Z0-9]/.test(t.secret)){for(var s,r,n,a=l.querySelectorAll('iframe[data-secret="'+t.secret+'"]'),o=l.querySelectorAll('blockquote[data-secret="'+t.secret+'"]'),c=new RegExp("^https?:$","i"),i=0;i<o.length;i++)o[i].style.display="none";for(i=0;i<a.length;i++)s=a[i],e.source===s.contentWindow&&(s.removeAttribute("style"),"height"===t.message?(1e3<(r=parseInt(t.value,10))?r=1e3:~~r<200&&(r=200),s.height=r):"link"===t.message&&(r=new URL(s.getAttribute("src")),n=new URL(t.value),c.test(n.protocol))&&n.host===r.host&&l.activeElement===s&&(d.top.location.href=t.value))}},d.addEventListener("message",d.wp.receiveEmbedMessage,!1),l.addEventListener("DOMContentLoaded",function(){for(var e,t,s=l.querySelectorAll("iframe.wp-embedded-content"),r=0;r<s.length;r++)(t=(e=s[r]).getAttribute("data-secret"))||(t=Math.random().toString(36).substring(2,12),e.src+="#?secret="+t,e.setAttribute("data-secret",t)),e.contentWindow.postMessage({message:"ready",secret:t},"*")},!1)))}(window,document);
/* ]]> */
</script>

El Arzobispo de Quito, Monseñor Alfredo Espinoza Mateus, SDB, y los integrantes de la Comisión organizadora de la procesión eucarística, recorrieron la ruta que seguirá esta expresión de fe el sábado 14 de septiembre, en el marco del 53° Congreso Eucarístico Internacional. La caminata, inició en la histórica Plaza de San Francisco, desde donde se [&hellip;]
