{"version":"1.0","provider_name":"IEC 2024","provider_url":"https:\/\/www.iec2024.ec\/en\/","author_name":"Secretario T\u00e9cnico","author_url":"https:\/\/www.iec2024.ec\/en\/author\/4dm1ns3cr3t4r10\/","title":"Al menos en 7 idiomas se celebrar\u00e1n las Misas en el IEC 2024 - IEC 2024","type":"rich","width":600,"height":338,"html":"<blockquote class=\"wp-embedded-content\" data-secret=\"Zsev9RYsXt\"><a href=\"https:\/\/www.iec2024.ec\/en\/misas-7-idiomas\/\">Al menos en 7 idiomas se celebrar\u00e1n las Misas en el IEC 2024<\/a><\/blockquote><iframe sandbox=\"allow-scripts\" security=\"restricted\" src=\"https:\/\/www.iec2024.ec\/en\/misas-7-idiomas\/embed\/#?secret=Zsev9RYsXt\" width=\"600\" height=\"338\" title=\"&#8220;Al menos en 7 idiomas se celebrar\u00e1n las Misas en el IEC 2024&#8221; &#8212; IEC 2024\" data-secret=\"Zsev9RYsXt\" frameborder=\"0\" marginwidth=\"0\" marginheight=\"0\" scrolling=\"no\" class=\"wp-embedded-content\"><\/iframe><script type=\"text\/javascript\">\n\/* <![CDATA[ *\/\n\/*! This file is auto-generated *\/\n!function(d,l){\"use strict\";l.querySelector&&d.addEventListener&&\"undefined\"!=typeof URL&&(d.wp=d.wp||{},d.wp.receiveEmbedMessage||(d.wp.receiveEmbedMessage=function(e){var t=e.data;if((t||t.secret||t.message||t.value)&&!\/[^a-zA-Z0-9]\/.test(t.secret)){for(var s,r,n,a=l.querySelectorAll('iframe[data-secret=\"'+t.secret+'\"]'),o=l.querySelectorAll('blockquote[data-secret=\"'+t.secret+'\"]'),c=new RegExp(\"^https?:$\",\"i\"),i=0;i<o.length;i++)o[i].style.display=\"none\";for(i=0;i<a.length;i++)s=a[i],e.source===s.contentWindow&&(s.removeAttribute(\"style\"),\"height\"===t.message?(1e3<(r=parseInt(t.value,10))?r=1e3:~~r<200&&(r=200),s.height=r):\"link\"===t.message&&(r=new URL(s.getAttribute(\"src\")),n=new URL(t.value),c.test(n.protocol))&&n.host===r.host&&l.activeElement===s&&(d.top.location.href=t.value))}},d.addEventListener(\"message\",d.wp.receiveEmbedMessage,!1),l.addEventListener(\"DOMContentLoaded\",function(){for(var e,t,s=l.querySelectorAll(\"iframe.wp-embedded-content\"),r=0;r<s.length;r++)(t=(e=s[r]).getAttribute(\"data-secret\"))||(t=Math.random().toString(36).substring(2,12),e.src+=\"#?secret=\"+t,e.setAttribute(\"data-secret\",t)),e.contentWindow.postMessage({message:\"ready\",secret:t},\"*\")},!1)))}(window,document);\n\/* ]]> *\/\n<\/script>\n","thumbnail_url":"https:\/\/www.iec2024.ec\/wp-content\/uploads\/2024\/06\/IMG-20240616-WA0008.jpg","thumbnail_width":600,"thumbnail_height":400,"description":"Avanzan los preparativos para las celebraciones lit\u00fargicas que se oficiar\u00e1n en el marco del 53\u00b0 Congreso Eucar\u00edstico Internacional, que se llevar\u00e1 a cabo del 8 al 15 de septiembre pr\u00f3ximo. La Comisi\u00f3n de Liturgia del IEC 2024, presidida por Monse\u00f1or Danilo Echeverr\u00eda, Obispo auxiliar de la Arquidi\u00f3cesis de Quito, contin\u00faa con los preparativos para las [&hellip;]"}

Secretario Técnico

Al menos en 7 idiomas se celebrarán las Misas en el IEC 2024 - IEC 2024

<blockquote class="wp-embedded-content" data-secret="Zsev9RYsXt"><a href="https://www.iec2024.ec/en/misas-7-idiomas/">Al menos en 7 idiomas se celebrarán las Misas en el IEC 2024</a></blockquote><iframe sandbox="allow-scripts" security="restricted" src="https://www.iec2024.ec/en/misas-7-idiomas/embed/#?secret=Zsev9RYsXt" width="600" height="338" title="&#8220;Al menos en 7 idiomas se celebrarán las Misas en el IEC 2024&#8221; &#8212; IEC 2024" data-secret="Zsev9RYsXt" frameborder="0" marginwidth="0" marginheight="0" scrolling="no" class="wp-embedded-content"></iframe><script type="text/javascript">
/* <![CDATA[ */
/*! This file is auto-generated */
!function(d,l){"use strict";l.querySelector&&d.addEventListener&&"undefined"!=typeof URL&&(d.wp=d.wp||{},d.wp.receiveEmbedMessage||(d.wp.receiveEmbedMessage=function(e){var t=e.data;if((t||t.secret||t.message||t.value)&&!/[^a-zA-Z0-9]/.test(t.secret)){for(var s,r,n,a=l.querySelectorAll('iframe[data-secret="'+t.secret+'"]'),o=l.querySelectorAll('blockquote[data-secret="'+t.secret+'"]'),c=new RegExp("^https?:$","i"),i=0;i<o.length;i++)o[i].style.display="none";for(i=0;i<a.length;i++)s=a[i],e.source===s.contentWindow&&(s.removeAttribute("style"),"height"===t.message?(1e3<(r=parseInt(t.value,10))?r=1e3:~~r<200&&(r=200),s.height=r):"link"===t.message&&(r=new URL(s.getAttribute("src")),n=new URL(t.value),c.test(n.protocol))&&n.host===r.host&&l.activeElement===s&&(d.top.location.href=t.value))}},d.addEventListener("message",d.wp.receiveEmbedMessage,!1),l.addEventListener("DOMContentLoaded",function(){for(var e,t,s=l.querySelectorAll("iframe.wp-embedded-content"),r=0;r<s.length;r++)(t=(e=s[r]).getAttribute("data-secret"))||(t=Math.random().toString(36).substring(2,12),e.src+="#?secret="+t,e.setAttribute("data-secret",t)),e.contentWindow.postMessage({message:"ready",secret:t},"*")},!1)))}(window,document);
/* ]]> */
</script>

Avanzan los preparativos para las celebraciones litúrgicas que se oficiarán en el marco del 53° Congreso Eucarístico Internacional, que se llevará a cabo del 8 al 15 de septiembre próximo. La Comisión de Liturgia del IEC 2024, presidida por Monseñor Danilo Echeverría, Obispo auxiliar de la Arquidiócesis de Quito, continúa con los preparativos para las [&hellip;]
