{"version":"1.0","provider_name":"IEC 2024","provider_url":"https:\/\/www.iec2024.ec\/en\/","author_name":"Secretario T\u00e9cnico","author_url":"https:\/\/www.iec2024.ec\/en\/author\/4dm1ns3cr3t4r10\/","title":"Red Pastoral de Doctrina de la Conferencia Episcopal Ecuatoriana camino al IEC 2024 - IEC 2024","type":"rich","width":600,"height":338,"html":"<blockquote class=\"wp-embedded-content\" data-secret=\"AtQHdDEuow\"><a href=\"https:\/\/www.iec2024.ec\/en\/sacerdocio-y-fraternidad\/\">Red Pastoral de Doctrina de la Conferencia Episcopal Ecuatoriana camino al IEC 2024<\/a><\/blockquote><iframe sandbox=\"allow-scripts\" security=\"restricted\" src=\"https:\/\/www.iec2024.ec\/en\/sacerdocio-y-fraternidad\/embed\/#?secret=AtQHdDEuow\" width=\"600\" height=\"338\" title=\"&#8220;Red Pastoral de Doctrina de la Conferencia Episcopal Ecuatoriana camino al IEC 2024&#8221; &#8212; IEC 2024\" data-secret=\"AtQHdDEuow\" frameborder=\"0\" marginwidth=\"0\" marginheight=\"0\" scrolling=\"no\" class=\"wp-embedded-content\"><\/iframe><script type=\"text\/javascript\">\n\/* <![CDATA[ *\/\n\/*! This file is auto-generated *\/\n!function(d,l){\"use strict\";l.querySelector&&d.addEventListener&&\"undefined\"!=typeof URL&&(d.wp=d.wp||{},d.wp.receiveEmbedMessage||(d.wp.receiveEmbedMessage=function(e){var t=e.data;if((t||t.secret||t.message||t.value)&&!\/[^a-zA-Z0-9]\/.test(t.secret)){for(var s,r,n,a=l.querySelectorAll('iframe[data-secret=\"'+t.secret+'\"]'),o=l.querySelectorAll('blockquote[data-secret=\"'+t.secret+'\"]'),c=new RegExp(\"^https?:$\",\"i\"),i=0;i<o.length;i++)o[i].style.display=\"none\";for(i=0;i<a.length;i++)s=a[i],e.source===s.contentWindow&&(s.removeAttribute(\"style\"),\"height\"===t.message?(1e3<(r=parseInt(t.value,10))?r=1e3:~~r<200&&(r=200),s.height=r):\"link\"===t.message&&(r=new URL(s.getAttribute(\"src\")),n=new URL(t.value),c.test(n.protocol))&&n.host===r.host&&l.activeElement===s&&(d.top.location.href=t.value))}},d.addEventListener(\"message\",d.wp.receiveEmbedMessage,!1),l.addEventListener(\"DOMContentLoaded\",function(){for(var e,t,s=l.querySelectorAll(\"iframe.wp-embedded-content\"),r=0;r<s.length;r++)(t=(e=s[r]).getAttribute(\"data-secret\"))||(t=Math.random().toString(36).substring(2,12),e.src+=\"#?secret=\"+t,e.setAttribute(\"data-secret\",t)),e.contentWindow.postMessage({message:\"ready\",secret:t},\"*\")},!1)))}(window,document);\n\/* ]]> *\/\n<\/script>\n","thumbnail_url":"https:\/\/www.iec2024.ec\/wp-content\/uploads\/2023\/08\/IMG_7321-scaled-1.jpg","thumbnail_width":2560,"thumbnail_height":1707,"description":"20 de julio de 2023\/Autora Mar\u00eda Jos\u00e9 Casco En el programa radial n\u00famero 16 &#8220;Fraternidad para Sanar el Mundo&#8221;, realizado el 20 de julio, se cont\u00f3 con la participaci\u00f3n del P. Enrique Uma\u00f1a, Secretario Ejecutivo de la Red Pastoral de Doctrina de la Conferencia Episcopal Ecuatoriana. Durante el encuentro, se discutieron las conclusiones del VIII [&hellip;]"}

Secretario Técnico

20 de julio de 2023/Autora María José Casco En el programa radial número 16 &#8220;Fraternidad para Sanar el Mundo&#8221;, realizado el 20 de julio, se contó con la participación del P. Enrique Umaña, Secretario Ejecutivo de la Red Pastoral de Doctrina de la Conferencia Episcopal Ecuatoriana. Durante el encuentro, se discutieron las conclusiones del VIII [&hellip;]
