{"id":10912,"date":"2024-01-24T11:15:22","date_gmt":"2024-01-24T16:15:22","guid":{"rendered":"https:\/\/www.iec2024.ec\/evento-congreso\/sexto-dia-fraternidad-redimida-en-cristo\/"},"modified":"2024-09-08T12:10:10","modified_gmt":"2024-09-08T17:10:10","slug":"sexto-dia-fraternidad-redimida-en-cristo","status":"publish","type":"evento-congreso","link":"https:\/\/www.iec2024.ec\/en\/evento-congreso\/sexto-dia-fraternidad-redimida-en-cristo\/","title":{"rendered":"SIXTH DAY<br\/>Eucharistic procession"},"content":{"rendered":"<div class=\"page\" title=\"Page 5\">\n<div class=\"section\">\n<div class=\"layoutArea\">\n<div class=\"column\">\n<p>Lugar:<\/p>\n<p><strong>Eucarist\u00eda<\/strong> \u2013 Plaza de San Francisco \/ Centro\u00a0Hist\u00f3rico<\/p>\n<p><strong>Procesi\u00f3n <\/strong>&#8211; Recorrido por las calles del Centro Hist\u00f3rico de Quito<\/p>\n<\/div>\n<\/div>\n<\/div>\n<\/div>\n","protected":false},"excerpt":{"rendered":"<p>Lugar: Eucarist\u00eda \u2013 Plaza de San Francisco \/ Centro\u00a0Hist\u00f3rico Procesi\u00f3n &#8211; Recorrido por las calles del Centro Hist\u00f3rico de Quito<\/p>\n","protected":false},"author":1,"featured_media":10231,"parent":0,"template":"","format":"standard","acf":[],"yoast_head":"<!-- This site is optimized with the Yoast SEO plugin v21.1 - https:\/\/yoast.com\/wordpress\/plugins\/seo\/ -->\n<title>SIXTH DAYEucharistic procession - IEC 2024<\/title>\n<meta name=\"robots\" content=\"index, follow, max-snippet:-1, max-image-preview:large, max-video-preview:-1\" \/>\n<link rel=\"canonical\" href=\"https:\/\/www.iec2024.ec\/en\/evento-congreso\/sexto-dia-fraternidad-redimida-en-cristo\/\" \/>\n<meta property=\"og:locale\" content=\"en_US\" \/>\n<meta property=\"og:type\" content=\"article\" \/>\n<meta property=\"og:title\" content=\"SIXTH DAYEucharistic procession - IEC 2024\" \/>\n<meta property=\"og:description\" content=\"Lugar: Eucarist\u00eda \u2013 Plaza de San Francisco \/ Centro\u00a0Hist\u00f3rico Procesi\u00f3n &#8211; Recorrido por las calles del Centro Hist\u00f3rico de Quito\" \/>\n<meta property=\"og:url\" content=\"https:\/\/www.iec2024.ec\/en\/evento-congreso\/sexto-dia-fraternidad-redimida-en-cristo\/\" \/>\n<meta property=\"og:site_name\" content=\"IEC 2024\" \/>\n<meta property=\"article:modified_time\" content=\"2024-09-08T17:10:10+00:00\" \/>\n<meta property=\"og:image\" content=\"https:\/\/www.iec2024.ec\/wp-content\/uploads\/2024\/01\/Corpus-Cristi-800x445-1.jpg\" \/>\n\t<meta property=\"og:image:width\" content=\"800\" \/>\n\t<meta property=\"og:image:height\" content=\"445\" \/>\n\t<meta property=\"og:image:type\" content=\"image\/jpeg\" \/>\n<meta name=\"twitter:card\" content=\"summary_large_image\" \/>\n<meta name=\"twitter:label1\" content=\"Est. reading time\" \/>\n\t<meta name=\"twitter:data1\" content=\"1 minute\" \/>\n<script type=\"application\/ld+json\" class=\"yoast-schema-graph\">{\"@context\":\"https:\/\/schema.org\",\"@graph\":[{\"@type\":\"WebPage\",\"@id\":\"https:\/\/www.iec2024.ec\/en\/evento-congreso\/sexto-dia-fraternidad-redimida-en-cristo\/\",\"url\":\"https:\/\/www.iec2024.ec\/en\/evento-congreso\/sexto-dia-fraternidad-redimida-en-cristo\/\",\"name\":\"SIXTH DAY Eucharistic procession - IEC 2024\",\"isPartOf\":{\"@id\":\"https:\/\/www.iec2024.ec\/en\/#website\"},\"datePublished\":\"2024-01-24T16:15:22+00:00\",\"dateModified\":\"2024-09-08T17:10:10+00:00\",\"breadcrumb\":{\"@id\":\"https:\/\/www.iec2024.ec\/en\/evento-congreso\/sexto-dia-fraternidad-redimida-en-cristo\/#breadcrumb\"},\"inLanguage\":\"en-US\",\"potentialAction\":[{\"@type\":\"ReadAction\",\"target\":[\"https:\/\/www.iec2024.ec\/en\/evento-congreso\/sexto-dia-fraternidad-redimida-en-cristo\/\"]}]},{\"@type\":\"BreadcrumbList\",\"@id\":\"https:\/\/www.iec2024.ec\/en\/evento-congreso\/sexto-dia-fraternidad-redimida-en-cristo\/#breadcrumb\",\"itemListElement\":[{\"@type\":\"ListItem\",\"position\":1,\"name\":\"Portada\",\"item\":\"https:\/\/www.iec2024.ec\/en\/\"},{\"@type\":\"ListItem\",\"position\":2,\"name\":\"Eventos Congreso\",\"item\":\"https:\/\/www.iec2024.ec\/en\/evento-congreso\/\"},{\"@type\":\"ListItem\",\"position\":3,\"name\":\"SIXTH DAYEucharistic procession\"}]},{\"@type\":\"WebSite\",\"@id\":\"https:\/\/www.iec2024.ec\/en\/#website\",\"url\":\"https:\/\/www.iec2024.ec\/en\/\",\"name\":\"IEC 2024\",\"description\":\"\",\"publisher\":{\"@id\":\"https:\/\/www.iec2024.ec\/en\/#organization\"},\"potentialAction\":[{\"@type\":\"SearchAction\",\"target\":{\"@type\":\"EntryPoint\",\"urlTemplate\":\"https:\/\/www.iec2024.ec\/en\/?s={search_term_string}\"},\"query-input\":\"required name=search_term_string\"}],\"inLanguage\":\"en-US\"},{\"@type\":\"Organization\",\"@id\":\"https:\/\/www.iec2024.ec\/en\/#organization\",\"name\":\"IEC 2024\",\"url\":\"https:\/\/www.iec2024.ec\/en\/\",\"logo\":{\"@type\":\"ImageObject\",\"inLanguage\":\"en-US\",\"@id\":\"https:\/\/www.iec2024.ec\/en\/#\/schema\/logo\/image\/\",\"url\":\"https:\/\/www.iec2024.ec\/wp-content\/uploads\/2024\/01\/cropped-logo-2024.png\",\"contentUrl\":\"https:\/\/www.iec2024.ec\/wp-content\/uploads\/2024\/01\/cropped-logo-2024.png\",\"width\":1277,\"height\":332,\"caption\":\"IEC 2024\"},\"image\":{\"@id\":\"https:\/\/www.iec2024.ec\/en\/#\/schema\/logo\/image\/\"}}]}<\/script>\n<!-- \/ Yoast SEO plugin. -->","yoast_head_json":{"title":"SIXTH DAYEucharistic procession - IEC 2024","robots":{"index":"index","follow":"follow","max-snippet":"max-snippet:-1","max-image-preview":"max-image-preview:large","max-video-preview":"max-video-preview:-1"},"canonical":"https:\/\/www.iec2024.ec\/en\/evento-congreso\/sexto-dia-fraternidad-redimida-en-cristo\/","og_locale":"en_US","og_type":"article","og_title":"SIXTH DAYEucharistic procession - IEC 2024","og_description":"Lugar: Eucarist\u00eda \u2013 Plaza de San Francisco \/ Centro\u00a0Hist\u00f3rico Procesi\u00f3n &#8211; Recorrido por las calles del Centro Hist\u00f3rico de Quito","og_url":"https:\/\/www.iec2024.ec\/en\/evento-congreso\/sexto-dia-fraternidad-redimida-en-cristo\/","og_site_name":"IEC 2024","article_modified_time":"2024-09-08T17:10:10+00:00","og_image":[{"width":800,"height":445,"url":"https:\/\/www.iec2024.ec\/wp-content\/uploads\/2024\/01\/Corpus-Cristi-800x445-1.jpg","type":"image\/jpeg"}],"twitter_card":"summary_large_image","twitter_misc":{"Est. reading time":"1 minute"},"schema":{"@context":"https:\/\/schema.org","@graph":[{"@type":"WebPage","@id":"https:\/\/www.iec2024.ec\/en\/evento-congreso\/sexto-dia-fraternidad-redimida-en-cristo\/","url":"https:\/\/www.iec2024.ec\/en\/evento-congreso\/sexto-dia-fraternidad-redimida-en-cristo\/","name":"SIXTH DAY Eucharistic procession - IEC 2024","isPartOf":{"@id":"https:\/\/www.iec2024.ec\/en\/#website"},"datePublished":"2024-01-24T16:15:22+00:00","dateModified":"2024-09-08T17:10:10+00:00","breadcrumb":{"@id":"https:\/\/www.iec2024.ec\/en\/evento-congreso\/sexto-dia-fraternidad-redimida-en-cristo\/#breadcrumb"},"inLanguage":"en-US","potentialAction":[{"@type":"ReadAction","target":["https:\/\/www.iec2024.ec\/en\/evento-congreso\/sexto-dia-fraternidad-redimida-en-cristo\/"]}]},{"@type":"BreadcrumbList","@id":"https:\/\/www.iec2024.ec\/en\/evento-congreso\/sexto-dia-fraternidad-redimida-en-cristo\/#breadcrumb","itemListElement":[{"@type":"ListItem","position":1,"name":"Portada","item":"https:\/\/www.iec2024.ec\/en\/"},{"@type":"ListItem","position":2,"name":"Eventos Congreso","item":"https:\/\/www.iec2024.ec\/en\/evento-congreso\/"},{"@type":"ListItem","position":3,"name":"SIXTH DAYEucharistic procession"}]},{"@type":"WebSite","@id":"https:\/\/www.iec2024.ec\/en\/#website","url":"https:\/\/www.iec2024.ec\/en\/","name":"IEC 2024","description":"","publisher":{"@id":"https:\/\/www.iec2024.ec\/en\/#organization"},"potentialAction":[{"@type":"SearchAction","target":{"@type":"EntryPoint","urlTemplate":"https:\/\/www.iec2024.ec\/en\/?s={search_term_string}"},"query-input":"required name=search_term_string"}],"inLanguage":"en-US"},{"@type":"Organization","@id":"https:\/\/www.iec2024.ec\/en\/#organization","name":"IEC 2024","url":"https:\/\/www.iec2024.ec\/en\/","logo":{"@type":"ImageObject","inLanguage":"en-US","@id":"https:\/\/www.iec2024.ec\/en\/#\/schema\/logo\/image\/","url":"https:\/\/www.iec2024.ec\/wp-content\/uploads\/2024\/01\/cropped-logo-2024.png","contentUrl":"https:\/\/www.iec2024.ec\/wp-content\/uploads\/2024\/01\/cropped-logo-2024.png","width":1277,"height":332,"caption":"IEC 2024"},"image":{"@id":"https:\/\/www.iec2024.ec\/en\/#\/schema\/logo\/image\/"}}]}},"_links":{"self":[{"href":"https:\/\/www.iec2024.ec\/en\/wp-json\/wp\/v2\/evento-congreso\/10912"}],"collection":[{"href":"https:\/\/www.iec2024.ec\/en\/wp-json\/wp\/v2\/evento-congreso"}],"about":[{"href":"https:\/\/www.iec2024.ec\/en\/wp-json\/wp\/v2\/types\/evento-congreso"}],"author":[{"embeddable":true,"href":"https:\/\/www.iec2024.ec\/en\/wp-json\/wp\/v2\/users\/1"}],"version-history":[{"count":10,"href":"https:\/\/www.iec2024.ec\/en\/wp-json\/wp\/v2\/evento-congreso\/10912\/revisions"}],"predecessor-version":[{"id":22394,"href":"https:\/\/www.iec2024.ec\/en\/wp-json\/wp\/v2\/evento-congreso\/10912\/revisions\/22394"}],"wp:featuredmedia":[{"embeddable":true,"href":"https:\/\/www.iec2024.ec\/en\/wp-json\/wp\/v2\/media\/10231"}],"wp:attachment":[{"href":"https:\/\/www.iec2024.ec\/en\/wp-json\/wp\/v2\/media?parent=10912"}],"curies":[{"name":"wp","href":"https:\/\/api.w.org\/{rel}","templated":true}]}}

<div class="page" title="Page 5">
<div class="section">
<div class="layoutArea">
<div class="column">
<p>Lugar:</p>
<p><strong>Eucaristía</strong> – Plaza de San Francisco / Centro Histórico</p>
<p><strong>Procesión </strong>&#8211; Recorrido por las calles del Centro Histórico de Quito</p>
</div>
</div>
</div>
</div>

<p>Lugar: Eucaristía – Plaza de San Francisco / Centro Histórico Procesión &#8211; Recorrido por las calles del Centro Histórico de Quito</p>

<!-- This site is optimized with the Yoast SEO plugin v21.1 - https://yoast.com/wordpress/plugins/seo/ -->
<title>SIXTH DAYEucharistic procession - IEC 2024</title>
<meta name="robots" content="index, follow, max-snippet:-1, max-image-preview:large, max-video-preview:-1" />
<link rel="canonical" href="https://www.iec2024.ec/en/evento-congreso/sexto-dia-fraternidad-redimida-en-cristo/" />
<meta property="og:locale" content="en_US" />
<meta property="og:type" content="article" />
<meta property="og:title" content="SIXTH DAYEucharistic procession - IEC 2024" />
<meta property="og:description" content="Lugar: Eucaristía – Plaza de San Francisco / Centro Histórico Procesión &#8211; Recorrido por las calles del Centro Histórico de Quito" />
<meta property="og:url" content="https://www.iec2024.ec/en/evento-congreso/sexto-dia-fraternidad-redimida-en-cristo/" />
<meta property="og:site_name" content="IEC 2024" />
<meta property="article:modified_time" content="2024-09-08T17:10:10+00:00" />
<meta property="og:image" content="https://www.iec2024.ec/wp-content/uploads/2024/01/Corpus-Cristi-800x445-1.jpg" />
	<meta property="og:image:width" content="800" />
	<meta property="og:image:height" content="445" />
	<meta property="og:image:type" content="image/jpeg" />
<meta name="twitter:card" content="summary_large_image" />
<meta name="twitter:label1" content="Est. reading time" />
	<meta name="twitter:data1" content="1 minute" />
<script type="application/ld+json" class="yoast-schema-graph">{"@context":"https://schema.org","@graph":[{"@type":"WebPage","@id":"https://www.iec2024.ec/en/evento-congreso/sexto-dia-fraternidad-redimida-en-cristo/","url":"https://www.iec2024.ec/en/evento-congreso/sexto-dia-fraternidad-redimida-en-cristo/","name":"SIXTH DAY Eucharistic procession - IEC 2024","isPartOf":{"@id":"https://www.iec2024.ec/en/#website"},"datePublished":"2024-01-24T16:15:22+00:00","dateModified":"2024-09-08T17:10:10+00:00","breadcrumb":{"@id":"https://www.iec2024.ec/en/evento-congreso/sexto-dia-fraternidad-redimida-en-cristo/#breadcrumb"},"inLanguage":"en-US","potentialAction":[{"@type":"ReadAction","target":["https://www.iec2024.ec/en/evento-congreso/sexto-dia-fraternidad-redimida-en-cristo/"]}]},{"@type":"BreadcrumbList","@id":"https://www.iec2024.ec/en/evento-congreso/sexto-dia-fraternidad-redimida-en-cristo/#breadcrumb","itemListElement":[{"@type":"ListItem","position":1,"name":"Portada","item":"https://www.iec2024.ec/en/"},{"@type":"ListItem","position":2,"name":"Eventos Congreso","item":"https://www.iec2024.ec/en/evento-congreso/"},{"@type":"ListItem","position":3,"name":"SIXTH DAYEucharistic procession"}]},{"@type":"WebSite","@id":"https://www.iec2024.ec/en/#website","url":"https://www.iec2024.ec/en/","name":"IEC 2024","description":"","publisher":{"@id":"https://www.iec2024.ec/en/#organization"},"potentialAction":[{"@type":"SearchAction","target":{"@type":"EntryPoint","urlTemplate":"https://www.iec2024.ec/en/?s={search_term_string}"},"query-input":"required name=search_term_string"}],"inLanguage":"en-US"},{"@type":"Organization","@id":"https://www.iec2024.ec/en/#organization","name":"IEC 2024","url":"https://www.iec2024.ec/en/","logo":{"@type":"ImageObject","inLanguage":"en-US","@id":"https://www.iec2024.ec/en/#/schema/logo/image/","url":"https://www.iec2024.ec/wp-content/uploads/2024/01/cropped-logo-2024.png","contentUrl":"https://www.iec2024.ec/wp-content/uploads/2024/01/cropped-logo-2024.png","width":1277,"height":332,"caption":"IEC 2024"},"image":{"@id":"https://www.iec2024.ec/en/#/schema/logo/image/"}}]}</script>
<!-- / Yoast SEO plugin. -->

Lugar: Eucaristía – Plaza de San Francisco / Centro Histórico Procesión &#8211; Recorrido por las calles del Centro Histórico de Quito
