{"id":22013,"date":"2024-09-06T12:11:36","date_gmt":"2024-09-06T17:11:36","guid":{"rendered":"https:\/\/www.iec2024.ec\/?post_type=multimedia&#038;p=22013"},"modified":"2024-09-06T12:11:52","modified_gmt":"2024-09-06T17:11:52","slug":"cardenal-baltazar-porras-legado-pontificio-en-el-simposio-teologico","status":"publish","type":"multimedia","link":"https:\/\/www.iec2024.ec\/en\/multimedia\/cardenal-baltazar-porras-legado-pontificio-en-el-simposio-teologico\/","title":{"rendered":"Cardenal Baltazar Porras, Legado Pontificio en el Simposio Teol\u00f3gico"},"content":{"rendered":"<p>Mira y descargar las fotograf\u00edas Cardenal Baltazar Porras, Legado Pontificio en el Simposio Teol\u00f3gico.<\/p>\n<p><a data-flickr-embed='true' href='https:\/\/www.flickr.com\/photos\/201339196@N06\/albums\/72177720320130489\/' title='Cardenal Baltazar Porras, Legado Pontificio en el Simposio Teol\u00f3gico 06\/09 by iec2024, on Flickr'><img src='https:\/\/live.staticflickr.com\/65535\/53975576853_d2c603c50c_z.jpg' width='800' height='600' alt='4'><\/a><script async src='https:\/\/embedr.flickr.com\/assets\/client-code.js' charset='utf-8'><\/script><\/p>\n","protected":false},"excerpt":{"rendered":"<p>Mira y descargar las fotograf\u00edas Cardenal Baltazar Porras, Legado Pontificio en el Simposio Teol\u00f3gico.<\/p>\n","protected":false},"author":2,"featured_media":22008,"parent":0,"template":"","format":"standard","tags":[],"acf":[],"yoast_head":"<!-- This site is optimized with the Yoast SEO plugin v21.1 - https:\/\/yoast.com\/wordpress\/plugins\/seo\/ -->\n<title>Cardenal Baltazar Porras, Legado Pontificio en el Simposio Teol\u00f3gico - IEC 2024<\/title>\n<meta name=\"robots\" content=\"index, follow, max-snippet:-1, max-image-preview:large, max-video-preview:-1\" \/>\n<link rel=\"canonical\" href=\"https:\/\/www.iec2024.ec\/en\/multimedia\/cardenal-baltazar-porras-legado-pontificio-en-el-simposio-teologico\/\" \/>\n<meta property=\"og:locale\" content=\"en_US\" \/>\n<meta property=\"og:type\" content=\"article\" \/>\n<meta property=\"og:title\" content=\"Cardenal Baltazar Porras, Legado Pontificio en el Simposio Teol\u00f3gico - IEC 2024\" \/>\n<meta property=\"og:description\" content=\"Mira y descargar las fotograf\u00edas Cardenal Baltazar Porras, Legado Pontificio en el Simposio Teol\u00f3gico.\" \/>\n<meta property=\"og:url\" content=\"https:\/\/www.iec2024.ec\/en\/multimedia\/cardenal-baltazar-porras-legado-pontificio-en-el-simposio-teologico\/\" \/>\n<meta property=\"og:site_name\" content=\"IEC 2024\" \/>\n<meta property=\"article:modified_time\" content=\"2024-09-06T17:11:52+00:00\" \/>\n<meta name=\"twitter:card\" content=\"summary_large_image\" \/>\n<script type=\"application\/ld+json\" class=\"yoast-schema-graph\">{\"@context\":\"https:\/\/schema.org\",\"@graph\":[{\"@type\":\"WebPage\",\"@id\":\"https:\/\/www.iec2024.ec\/en\/multimedia\/cardenal-baltazar-porras-legado-pontificio-en-el-simposio-teologico\/\",\"url\":\"https:\/\/www.iec2024.ec\/en\/multimedia\/cardenal-baltazar-porras-legado-pontificio-en-el-simposio-teologico\/\",\"name\":\"Cardenal Baltazar Porras, Legado Pontificio en el Simposio Teol\u00f3gico - IEC 2024\",\"isPartOf\":{\"@id\":\"https:\/\/www.iec2024.ec\/en\/#website\"},\"datePublished\":\"2024-09-06T17:11:36+00:00\",\"dateModified\":\"2024-09-06T17:11:52+00:00\",\"breadcrumb\":{\"@id\":\"https:\/\/www.iec2024.ec\/en\/multimedia\/cardenal-baltazar-porras-legado-pontificio-en-el-simposio-teologico\/#breadcrumb\"},\"inLanguage\":\"en-US\",\"potentialAction\":[{\"@type\":\"ReadAction\",\"target\":[\"https:\/\/www.iec2024.ec\/en\/multimedia\/cardenal-baltazar-porras-legado-pontificio-en-el-simposio-teologico\/\"]}]},{\"@type\":\"BreadcrumbList\",\"@id\":\"https:\/\/www.iec2024.ec\/en\/multimedia\/cardenal-baltazar-porras-legado-pontificio-en-el-simposio-teologico\/#breadcrumb\",\"itemListElement\":[{\"@type\":\"ListItem\",\"position\":1,\"name\":\"Portada\",\"item\":\"https:\/\/www.iec2024.ec\/en\/\"},{\"@type\":\"ListItem\",\"position\":2,\"name\":\"Cardenal Baltazar Porras, Legado Pontificio en el Simposio Teol\u00f3gico\"}]},{\"@type\":\"WebSite\",\"@id\":\"https:\/\/www.iec2024.ec\/en\/#website\",\"url\":\"https:\/\/www.iec2024.ec\/en\/\",\"name\":\"IEC 2024\",\"description\":\"\",\"publisher\":{\"@id\":\"https:\/\/www.iec2024.ec\/en\/#organization\"},\"potentialAction\":[{\"@type\":\"SearchAction\",\"target\":{\"@type\":\"EntryPoint\",\"urlTemplate\":\"https:\/\/www.iec2024.ec\/en\/?s={search_term_string}\"},\"query-input\":\"required name=search_term_string\"}],\"inLanguage\":\"en-US\"},{\"@type\":\"Organization\",\"@id\":\"https:\/\/www.iec2024.ec\/en\/#organization\",\"name\":\"IEC 2024\",\"url\":\"https:\/\/www.iec2024.ec\/en\/\",\"logo\":{\"@type\":\"ImageObject\",\"inLanguage\":\"en-US\",\"@id\":\"https:\/\/www.iec2024.ec\/en\/#\/schema\/logo\/image\/\",\"url\":\"https:\/\/www.iec2024.ec\/wp-content\/uploads\/2024\/01\/cropped-logo-2024.png\",\"contentUrl\":\"https:\/\/www.iec2024.ec\/wp-content\/uploads\/2024\/01\/cropped-logo-2024.png\",\"width\":1277,\"height\":332,\"caption\":\"IEC 2024\"},\"image\":{\"@id\":\"https:\/\/www.iec2024.ec\/en\/#\/schema\/logo\/image\/\"}}]}<\/script>\n<!-- \/ Yoast SEO plugin. -->","yoast_head_json":{"title":"Cardenal Baltazar Porras, Legado Pontificio en el Simposio Teol\u00f3gico - IEC 2024","robots":{"index":"index","follow":"follow","max-snippet":"max-snippet:-1","max-image-preview":"max-image-preview:large","max-video-preview":"max-video-preview:-1"},"canonical":"https:\/\/www.iec2024.ec\/en\/multimedia\/cardenal-baltazar-porras-legado-pontificio-en-el-simposio-teologico\/","og_locale":"en_US","og_type":"article","og_title":"Cardenal Baltazar Porras, Legado Pontificio en el Simposio Teol\u00f3gico - IEC 2024","og_description":"Mira y descargar las fotograf\u00edas Cardenal Baltazar Porras, Legado Pontificio en el Simposio Teol\u00f3gico.","og_url":"https:\/\/www.iec2024.ec\/en\/multimedia\/cardenal-baltazar-porras-legado-pontificio-en-el-simposio-teologico\/","og_site_name":"IEC 2024","article_modified_time":"2024-09-06T17:11:52+00:00","twitter_card":"summary_large_image","schema":{"@context":"https:\/\/schema.org","@graph":[{"@type":"WebPage","@id":"https:\/\/www.iec2024.ec\/en\/multimedia\/cardenal-baltazar-porras-legado-pontificio-en-el-simposio-teologico\/","url":"https:\/\/www.iec2024.ec\/en\/multimedia\/cardenal-baltazar-porras-legado-pontificio-en-el-simposio-teologico\/","name":"Cardenal Baltazar Porras, Legado Pontificio en el Simposio Teol\u00f3gico - IEC 2024","isPartOf":{"@id":"https:\/\/www.iec2024.ec\/en\/#website"},"datePublished":"2024-09-06T17:11:36+00:00","dateModified":"2024-09-06T17:11:52+00:00","breadcrumb":{"@id":"https:\/\/www.iec2024.ec\/en\/multimedia\/cardenal-baltazar-porras-legado-pontificio-en-el-simposio-teologico\/#breadcrumb"},"inLanguage":"en-US","potentialAction":[{"@type":"ReadAction","target":["https:\/\/www.iec2024.ec\/en\/multimedia\/cardenal-baltazar-porras-legado-pontificio-en-el-simposio-teologico\/"]}]},{"@type":"BreadcrumbList","@id":"https:\/\/www.iec2024.ec\/en\/multimedia\/cardenal-baltazar-porras-legado-pontificio-en-el-simposio-teologico\/#breadcrumb","itemListElement":[{"@type":"ListItem","position":1,"name":"Portada","item":"https:\/\/www.iec2024.ec\/en\/"},{"@type":"ListItem","position":2,"name":"Cardenal Baltazar Porras, Legado Pontificio en el Simposio Teol\u00f3gico"}]},{"@type":"WebSite","@id":"https:\/\/www.iec2024.ec\/en\/#website","url":"https:\/\/www.iec2024.ec\/en\/","name":"IEC 2024","description":"","publisher":{"@id":"https:\/\/www.iec2024.ec\/en\/#organization"},"potentialAction":[{"@type":"SearchAction","target":{"@type":"EntryPoint","urlTemplate":"https:\/\/www.iec2024.ec\/en\/?s={search_term_string}"},"query-input":"required name=search_term_string"}],"inLanguage":"en-US"},{"@type":"Organization","@id":"https:\/\/www.iec2024.ec\/en\/#organization","name":"IEC 2024","url":"https:\/\/www.iec2024.ec\/en\/","logo":{"@type":"ImageObject","inLanguage":"en-US","@id":"https:\/\/www.iec2024.ec\/en\/#\/schema\/logo\/image\/","url":"https:\/\/www.iec2024.ec\/wp-content\/uploads\/2024\/01\/cropped-logo-2024.png","contentUrl":"https:\/\/www.iec2024.ec\/wp-content\/uploads\/2024\/01\/cropped-logo-2024.png","width":1277,"height":332,"caption":"IEC 2024"},"image":{"@id":"https:\/\/www.iec2024.ec\/en\/#\/schema\/logo\/image\/"}}]}},"_links":{"self":[{"href":"https:\/\/www.iec2024.ec\/en\/wp-json\/wp\/v2\/multimedia\/22013"}],"collection":[{"href":"https:\/\/www.iec2024.ec\/en\/wp-json\/wp\/v2\/multimedia"}],"about":[{"href":"https:\/\/www.iec2024.ec\/en\/wp-json\/wp\/v2\/types\/multimedia"}],"author":[{"embeddable":true,"href":"https:\/\/www.iec2024.ec\/en\/wp-json\/wp\/v2\/users\/2"}],"version-history":[{"count":2,"href":"https:\/\/www.iec2024.ec\/en\/wp-json\/wp\/v2\/multimedia\/22013\/revisions"}],"predecessor-version":[{"id":22015,"href":"https:\/\/www.iec2024.ec\/en\/wp-json\/wp\/v2\/multimedia\/22013\/revisions\/22015"}],"wp:featuredmedia":[{"embeddable":true,"href":"https:\/\/www.iec2024.ec\/en\/wp-json\/wp\/v2\/media\/22008"}],"wp:attachment":[{"href":"https:\/\/www.iec2024.ec\/en\/wp-json\/wp\/v2\/media?parent=22013"}],"wp:term":[{"taxonomy":"post_tag","embeddable":true,"href":"https:\/\/www.iec2024.ec\/en\/wp-json\/wp\/v2\/tags?post=22013"}],"curies":[{"name":"wp","href":"https:\/\/api.w.org\/{rel}","templated":true}]}}

Cardenal Baltazar Porras, Legado Pontificio en el Simposio Teológico

<p>Mira y descargar las fotografías Cardenal Baltazar Porras, Legado Pontificio en el Simposio Teológico.</p>
<p><a data-flickr-embed='true' href='https://www.flickr.com/photos/201339196@N06/albums/72177720320130489/' title='Cardenal Baltazar Porras, Legado Pontificio en el Simposio Teológico 06/09 by iec2024, on Flickr'><img src='https://live.staticflickr.com/65535/53975576853_d2c603c50c_z.jpg' width='800' height='600' alt='4'></a><script async src='https://embedr.flickr.com/assets/client-code.js' charset='utf-8'></script></p>

<p>Mira y descargar las fotografías Cardenal Baltazar Porras, Legado Pontificio en el Simposio Teológico.</p>

<!-- This site is optimized with the Yoast SEO plugin v21.1 - https://yoast.com/wordpress/plugins/seo/ -->
<title>Cardenal Baltazar Porras, Legado Pontificio en el Simposio Teológico - IEC 2024</title>
<meta name="robots" content="index, follow, max-snippet:-1, max-image-preview:large, max-video-preview:-1" />
<link rel="canonical" href="https://www.iec2024.ec/en/multimedia/cardenal-baltazar-porras-legado-pontificio-en-el-simposio-teologico/" />
<meta property="og:locale" content="en_US" />
<meta property="og:type" content="article" />
<meta property="og:title" content="Cardenal Baltazar Porras, Legado Pontificio en el Simposio Teológico - IEC 2024" />
<meta property="og:description" content="Mira y descargar las fotografías Cardenal Baltazar Porras, Legado Pontificio en el Simposio Teológico." />
<meta property="og:url" content="https://www.iec2024.ec/en/multimedia/cardenal-baltazar-porras-legado-pontificio-en-el-simposio-teologico/" />
<meta property="og:site_name" content="IEC 2024" />
<meta property="article:modified_time" content="2024-09-06T17:11:52+00:00" />
<meta name="twitter:card" content="summary_large_image" />
<script type="application/ld+json" class="yoast-schema-graph">{"@context":"https://schema.org","@graph":[{"@type":"WebPage","@id":"https://www.iec2024.ec/en/multimedia/cardenal-baltazar-porras-legado-pontificio-en-el-simposio-teologico/","url":"https://www.iec2024.ec/en/multimedia/cardenal-baltazar-porras-legado-pontificio-en-el-simposio-teologico/","name":"Cardenal Baltazar Porras, Legado Pontificio en el Simposio Teológico - IEC 2024","isPartOf":{"@id":"https://www.iec2024.ec/en/#website"},"datePublished":"2024-09-06T17:11:36+00:00","dateModified":"2024-09-06T17:11:52+00:00","breadcrumb":{"@id":"https://www.iec2024.ec/en/multimedia/cardenal-baltazar-porras-legado-pontificio-en-el-simposio-teologico/#breadcrumb"},"inLanguage":"en-US","potentialAction":[{"@type":"ReadAction","target":["https://www.iec2024.ec/en/multimedia/cardenal-baltazar-porras-legado-pontificio-en-el-simposio-teologico/"]}]},{"@type":"BreadcrumbList","@id":"https://www.iec2024.ec/en/multimedia/cardenal-baltazar-porras-legado-pontificio-en-el-simposio-teologico/#breadcrumb","itemListElement":[{"@type":"ListItem","position":1,"name":"Portada","item":"https://www.iec2024.ec/en/"},{"@type":"ListItem","position":2,"name":"Cardenal Baltazar Porras, Legado Pontificio en el Simposio Teológico"}]},{"@type":"WebSite","@id":"https://www.iec2024.ec/en/#website","url":"https://www.iec2024.ec/en/","name":"IEC 2024","description":"","publisher":{"@id":"https://www.iec2024.ec/en/#organization"},"potentialAction":[{"@type":"SearchAction","target":{"@type":"EntryPoint","urlTemplate":"https://www.iec2024.ec/en/?s={search_term_string}"},"query-input":"required name=search_term_string"}],"inLanguage":"en-US"},{"@type":"Organization","@id":"https://www.iec2024.ec/en/#organization","name":"IEC 2024","url":"https://www.iec2024.ec/en/","logo":{"@type":"ImageObject","inLanguage":"en-US","@id":"https://www.iec2024.ec/en/#/schema/logo/image/","url":"https://www.iec2024.ec/wp-content/uploads/2024/01/cropped-logo-2024.png","contentUrl":"https://www.iec2024.ec/wp-content/uploads/2024/01/cropped-logo-2024.png","width":1277,"height":332,"caption":"IEC 2024"},"image":{"@id":"https://www.iec2024.ec/en/#/schema/logo/image/"}}]}</script>
<!-- / Yoast SEO plugin. -->

Cardenal Baltazar Porras, Legado Pontificio en el Simposio Teológico - IEC 2024

Mira y descargar las fotografías Cardenal Baltazar Porras, Legado Pontificio en el Simposio Teológico.
