{"id":8586,"date":"2023-11-16T14:45:49","date_gmt":"2023-11-16T19:45:49","guid":{"rendered":"https:\/\/www.iec2024.ec\/programas\/trigesimo-tercer-programa-radial-fraternidad-para-sanar-el-mundo\/"},"modified":"2023-11-17T14:51:32","modified_gmt":"2023-11-17T19:51:32","slug":"trigesimo-tercer-programa-radial-fraternidad-para-sanar-el-mundo","status":"publish","type":"programas","link":"https:\/\/www.iec2024.ec\/en\/programas\/trigesimo-tercer-programa-radial-fraternidad-para-sanar-el-mundo\/","title":{"rendered":"Trig\u00e9simo tercer programa radial \u2013 Fraternidad para Sanar el Mundo. Invitado: Jes\u00fas Brice\u00f1o, Participante de la XVI Asamblea Sinodal en Roma &#8211; Italia."},"content":{"rendered":"<p>Invitado: Jes\u00fas Brice\u00f1o, Participante de la XVI Asamblea Sinodal en Roma &#8211; Italia.<\/p>\n<p>Tema: Nos contar\u00e1 su experiencia como parte de los 28 latinoamericanos no obispos que asistieron a este importante encuentro de la Iglesia.<\/p>\n<p>&nbsp;<\/p>\n","protected":false},"excerpt":{"rendered":"<p>Invitado: Jes\u00fas Brice\u00f1o, Participante de la XVI Asamblea Sinodal en Roma &#8211; Italia. Tema: Nos contar\u00e1 su experiencia como parte de los 28 latinoamericanos no obispos que asistieron a este importante encuentro de la Iglesia. &nbsp;<\/p>\n","protected":false},"author":2,"featured_media":0,"parent":0,"template":"","format":"standard","acf":[],"yoast_head":"<!-- This site is optimized with the Yoast SEO plugin v21.1 - https:\/\/yoast.com\/wordpress\/plugins\/seo\/ -->\n<title>Trig\u00e9simo tercer programa radial \u2013 Fraternidad para Sanar el Mundo. Invitado: Jes\u00fas Brice\u00f1o, Participante de la XVI Asamblea Sinodal en Roma - Italia. - IEC 2024<\/title>\n<meta name=\"robots\" content=\"index, follow, max-snippet:-1, max-image-preview:large, max-video-preview:-1\" \/>\n<link rel=\"canonical\" href=\"https:\/\/www.iec2024.ec\/en\/programas\/trigesimo-tercer-programa-radial-fraternidad-para-sanar-el-mundo\/\" \/>\n<meta property=\"og:locale\" content=\"en_US\" \/>\n<meta property=\"og:type\" content=\"article\" \/>\n<meta property=\"og:title\" content=\"Trig\u00e9simo tercer programa radial \u2013 Fraternidad para Sanar el Mundo. Invitado: Jes\u00fas Brice\u00f1o, Participante de la XVI Asamblea Sinodal en Roma - Italia. - IEC 2024\" \/>\n<meta property=\"og:description\" content=\"Invitado: Jes\u00fas Brice\u00f1o, Participante de la XVI Asamblea Sinodal en Roma &#8211; Italia. Tema: Nos contar\u00e1 su experiencia como parte de los 28 latinoamericanos no obispos que asistieron a este importante encuentro de la Iglesia. &nbsp;\" \/>\n<meta property=\"og:url\" content=\"https:\/\/www.iec2024.ec\/en\/programas\/trigesimo-tercer-programa-radial-fraternidad-para-sanar-el-mundo\/\" \/>\n<meta property=\"og:site_name\" content=\"IEC 2024\" \/>\n<meta property=\"article:modified_time\" content=\"2023-11-17T19:51:32+00:00\" \/>\n<meta name=\"twitter:card\" content=\"summary_large_image\" \/>\n<meta name=\"twitter:label1\" content=\"Est. reading time\" \/>\n\t<meta name=\"twitter:data1\" content=\"1 minute\" \/>\n<script type=\"application\/ld+json\" class=\"yoast-schema-graph\">{\"@context\":\"https:\/\/schema.org\",\"@graph\":[{\"@type\":\"WebPage\",\"@id\":\"https:\/\/www.iec2024.ec\/en\/programas\/trigesimo-tercer-programa-radial-fraternidad-para-sanar-el-mundo\/\",\"url\":\"https:\/\/www.iec2024.ec\/en\/programas\/trigesimo-tercer-programa-radial-fraternidad-para-sanar-el-mundo\/\",\"name\":\"Trig\u00e9simo tercer programa radial \u2013 Fraternidad para Sanar el Mundo. Invitado: Jes\u00fas Brice\u00f1o, Participante de la XVI Asamblea Sinodal en Roma - Italia. - IEC 2024\",\"isPartOf\":{\"@id\":\"https:\/\/www.iec2024.ec\/en\/#website\"},\"datePublished\":\"2023-11-16T19:45:49+00:00\",\"dateModified\":\"2023-11-17T19:51:32+00:00\",\"breadcrumb\":{\"@id\":\"https:\/\/www.iec2024.ec\/en\/programas\/trigesimo-tercer-programa-radial-fraternidad-para-sanar-el-mundo\/#breadcrumb\"},\"inLanguage\":\"en-US\",\"potentialAction\":[{\"@type\":\"ReadAction\",\"target\":[\"https:\/\/www.iec2024.ec\/en\/programas\/trigesimo-tercer-programa-radial-fraternidad-para-sanar-el-mundo\/\"]}]},{\"@type\":\"BreadcrumbList\",\"@id\":\"https:\/\/www.iec2024.ec\/en\/programas\/trigesimo-tercer-programa-radial-fraternidad-para-sanar-el-mundo\/#breadcrumb\",\"itemListElement\":[{\"@type\":\"ListItem\",\"position\":1,\"name\":\"Portada\",\"item\":\"https:\/\/www.iec2024.ec\/en\/\"},{\"@type\":\"ListItem\",\"position\":2,\"name\":\"Trig\u00e9simo tercer programa radial \u2013 Fraternidad para Sanar el Mundo. Invitado: Jes\u00fas Brice\u00f1o, Participante de la XVI Asamblea Sinodal en Roma &#8211; Italia.\"}]},{\"@type\":\"WebSite\",\"@id\":\"https:\/\/www.iec2024.ec\/en\/#website\",\"url\":\"https:\/\/www.iec2024.ec\/en\/\",\"name\":\"IEC 2024\",\"description\":\"\",\"publisher\":{\"@id\":\"https:\/\/www.iec2024.ec\/en\/#organization\"},\"potentialAction\":[{\"@type\":\"SearchAction\",\"target\":{\"@type\":\"EntryPoint\",\"urlTemplate\":\"https:\/\/www.iec2024.ec\/en\/?s={search_term_string}\"},\"query-input\":\"required name=search_term_string\"}],\"inLanguage\":\"en-US\"},{\"@type\":\"Organization\",\"@id\":\"https:\/\/www.iec2024.ec\/en\/#organization\",\"name\":\"IEC 2024\",\"url\":\"https:\/\/www.iec2024.ec\/en\/\",\"logo\":{\"@type\":\"ImageObject\",\"inLanguage\":\"en-US\",\"@id\":\"https:\/\/www.iec2024.ec\/en\/#\/schema\/logo\/image\/\",\"url\":\"https:\/\/www.iec2024.ec\/wp-content\/uploads\/2024\/01\/cropped-logo-2024.png\",\"contentUrl\":\"https:\/\/www.iec2024.ec\/wp-content\/uploads\/2024\/01\/cropped-logo-2024.png\",\"width\":1277,\"height\":332,\"caption\":\"IEC 2024\"},\"image\":{\"@id\":\"https:\/\/www.iec2024.ec\/en\/#\/schema\/logo\/image\/\"}}]}<\/script>\n<!-- \/ Yoast SEO plugin. -->","yoast_head_json":{"title":"Trig\u00e9simo tercer programa radial \u2013 Fraternidad para Sanar el Mundo. Invitado: Jes\u00fas Brice\u00f1o, Participante de la XVI Asamblea Sinodal en Roma - Italia. - IEC 2024","robots":{"index":"index","follow":"follow","max-snippet":"max-snippet:-1","max-image-preview":"max-image-preview:large","max-video-preview":"max-video-preview:-1"},"canonical":"https:\/\/www.iec2024.ec\/en\/programas\/trigesimo-tercer-programa-radial-fraternidad-para-sanar-el-mundo\/","og_locale":"en_US","og_type":"article","og_title":"Trig\u00e9simo tercer programa radial \u2013 Fraternidad para Sanar el Mundo. Invitado: Jes\u00fas Brice\u00f1o, Participante de la XVI Asamblea Sinodal en Roma - Italia. - IEC 2024","og_description":"Invitado: Jes\u00fas Brice\u00f1o, Participante de la XVI Asamblea Sinodal en Roma &#8211; Italia. Tema: Nos contar\u00e1 su experiencia como parte de los 28 latinoamericanos no obispos que asistieron a este importante encuentro de la Iglesia. &nbsp;","og_url":"https:\/\/www.iec2024.ec\/en\/programas\/trigesimo-tercer-programa-radial-fraternidad-para-sanar-el-mundo\/","og_site_name":"IEC 2024","article_modified_time":"2023-11-17T19:51:32+00:00","twitter_card":"summary_large_image","twitter_misc":{"Est. reading time":"1 minute"},"schema":{"@context":"https:\/\/schema.org","@graph":[{"@type":"WebPage","@id":"https:\/\/www.iec2024.ec\/en\/programas\/trigesimo-tercer-programa-radial-fraternidad-para-sanar-el-mundo\/","url":"https:\/\/www.iec2024.ec\/en\/programas\/trigesimo-tercer-programa-radial-fraternidad-para-sanar-el-mundo\/","name":"Trig\u00e9simo tercer programa radial \u2013 Fraternidad para Sanar el Mundo. Invitado: Jes\u00fas Brice\u00f1o, Participante de la XVI Asamblea Sinodal en Roma - Italia. - IEC 2024","isPartOf":{"@id":"https:\/\/www.iec2024.ec\/en\/#website"},"datePublished":"2023-11-16T19:45:49+00:00","dateModified":"2023-11-17T19:51:32+00:00","breadcrumb":{"@id":"https:\/\/www.iec2024.ec\/en\/programas\/trigesimo-tercer-programa-radial-fraternidad-para-sanar-el-mundo\/#breadcrumb"},"inLanguage":"en-US","potentialAction":[{"@type":"ReadAction","target":["https:\/\/www.iec2024.ec\/en\/programas\/trigesimo-tercer-programa-radial-fraternidad-para-sanar-el-mundo\/"]}]},{"@type":"BreadcrumbList","@id":"https:\/\/www.iec2024.ec\/en\/programas\/trigesimo-tercer-programa-radial-fraternidad-para-sanar-el-mundo\/#breadcrumb","itemListElement":[{"@type":"ListItem","position":1,"name":"Portada","item":"https:\/\/www.iec2024.ec\/en\/"},{"@type":"ListItem","position":2,"name":"Trig\u00e9simo tercer programa radial \u2013 Fraternidad para Sanar el Mundo. Invitado: Jes\u00fas Brice\u00f1o, Participante de la XVI Asamblea Sinodal en Roma &#8211; Italia."}]},{"@type":"WebSite","@id":"https:\/\/www.iec2024.ec\/en\/#website","url":"https:\/\/www.iec2024.ec\/en\/","name":"IEC 2024","description":"","publisher":{"@id":"https:\/\/www.iec2024.ec\/en\/#organization"},"potentialAction":[{"@type":"SearchAction","target":{"@type":"EntryPoint","urlTemplate":"https:\/\/www.iec2024.ec\/en\/?s={search_term_string}"},"query-input":"required name=search_term_string"}],"inLanguage":"en-US"},{"@type":"Organization","@id":"https:\/\/www.iec2024.ec\/en\/#organization","name":"IEC 2024","url":"https:\/\/www.iec2024.ec\/en\/","logo":{"@type":"ImageObject","inLanguage":"en-US","@id":"https:\/\/www.iec2024.ec\/en\/#\/schema\/logo\/image\/","url":"https:\/\/www.iec2024.ec\/wp-content\/uploads\/2024\/01\/cropped-logo-2024.png","contentUrl":"https:\/\/www.iec2024.ec\/wp-content\/uploads\/2024\/01\/cropped-logo-2024.png","width":1277,"height":332,"caption":"IEC 2024"},"image":{"@id":"https:\/\/www.iec2024.ec\/en\/#\/schema\/logo\/image\/"}}]}},"_links":{"self":[{"href":"https:\/\/www.iec2024.ec\/en\/wp-json\/wp\/v2\/programas\/8586"}],"collection":[{"href":"https:\/\/www.iec2024.ec\/en\/wp-json\/wp\/v2\/programas"}],"about":[{"href":"https:\/\/www.iec2024.ec\/en\/wp-json\/wp\/v2\/types\/programas"}],"author":[{"embeddable":true,"href":"https:\/\/www.iec2024.ec\/en\/wp-json\/wp\/v2\/users\/2"}],"version-history":[{"count":1,"href":"https:\/\/www.iec2024.ec\/en\/wp-json\/wp\/v2\/programas\/8586\/revisions"}],"predecessor-version":[{"id":8589,"href":"https:\/\/www.iec2024.ec\/en\/wp-json\/wp\/v2\/programas\/8586\/revisions\/8589"}],"wp:attachment":[{"href":"https:\/\/www.iec2024.ec\/en\/wp-json\/wp\/v2\/media?parent=8586"}],"curies":[{"name":"wp","href":"https:\/\/api.w.org\/{rel}","templated":true}]}}

Trigésimo tercer programa radial – Fraternidad para Sanar el Mundo. Invitado: Jesús Briceño, Participante de la XVI Asamblea Sinodal en Roma &#8211; Italia.

<p>Invitado: Jesús Briceño, Participante de la XVI Asamblea Sinodal en Roma &#8211; Italia.</p>
<p>Tema: Nos contará su experiencia como parte de los 28 latinoamericanos no obispos que asistieron a este importante encuentro de la Iglesia.</p>
<p>&nbsp;</p>

<p>Invitado: Jesús Briceño, Participante de la XVI Asamblea Sinodal en Roma &#8211; Italia. Tema: Nos contará su experiencia como parte de los 28 latinoamericanos no obispos que asistieron a este importante encuentro de la Iglesia. &nbsp;</p>

<!-- This site is optimized with the Yoast SEO plugin v21.1 - https://yoast.com/wordpress/plugins/seo/ -->
<title>Trigésimo tercer programa radial – Fraternidad para Sanar el Mundo. Invitado: Jesús Briceño, Participante de la XVI Asamblea Sinodal en Roma - Italia. - IEC 2024</title>
<meta name="robots" content="index, follow, max-snippet:-1, max-image-preview:large, max-video-preview:-1" />
<link rel="canonical" href="https://www.iec2024.ec/en/programas/trigesimo-tercer-programa-radial-fraternidad-para-sanar-el-mundo/" />
<meta property="og:locale" content="en_US" />
<meta property="og:type" content="article" />
<meta property="og:title" content="Trigésimo tercer programa radial – Fraternidad para Sanar el Mundo. Invitado: Jesús Briceño, Participante de la XVI Asamblea Sinodal en Roma - Italia. - IEC 2024" />
<meta property="og:description" content="Invitado: Jesús Briceño, Participante de la XVI Asamblea Sinodal en Roma &#8211; Italia. Tema: Nos contará su experiencia como parte de los 28 latinoamericanos no obispos que asistieron a este importante encuentro de la Iglesia. &nbsp;" />
<meta property="og:url" content="https://www.iec2024.ec/en/programas/trigesimo-tercer-programa-radial-fraternidad-para-sanar-el-mundo/" />
<meta property="og:site_name" content="IEC 2024" />
<meta property="article:modified_time" content="2023-11-17T19:51:32+00:00" />
<meta name="twitter:card" content="summary_large_image" />
<meta name="twitter:label1" content="Est. reading time" />
	<meta name="twitter:data1" content="1 minute" />
<script type="application/ld+json" class="yoast-schema-graph">{"@context":"https://schema.org","@graph":[{"@type":"WebPage","@id":"https://www.iec2024.ec/en/programas/trigesimo-tercer-programa-radial-fraternidad-para-sanar-el-mundo/","url":"https://www.iec2024.ec/en/programas/trigesimo-tercer-programa-radial-fraternidad-para-sanar-el-mundo/","name":"Trigésimo tercer programa radial – Fraternidad para Sanar el Mundo. Invitado: Jesús Briceño, Participante de la XVI Asamblea Sinodal en Roma - Italia. - IEC 2024","isPartOf":{"@id":"https://www.iec2024.ec/en/#website"},"datePublished":"2023-11-16T19:45:49+00:00","dateModified":"2023-11-17T19:51:32+00:00","breadcrumb":{"@id":"https://www.iec2024.ec/en/programas/trigesimo-tercer-programa-radial-fraternidad-para-sanar-el-mundo/#breadcrumb"},"inLanguage":"en-US","potentialAction":[{"@type":"ReadAction","target":["https://www.iec2024.ec/en/programas/trigesimo-tercer-programa-radial-fraternidad-para-sanar-el-mundo/"]}]},{"@type":"BreadcrumbList","@id":"https://www.iec2024.ec/en/programas/trigesimo-tercer-programa-radial-fraternidad-para-sanar-el-mundo/#breadcrumb","itemListElement":[{"@type":"ListItem","position":1,"name":"Portada","item":"https://www.iec2024.ec/en/"},{"@type":"ListItem","position":2,"name":"Trigésimo tercer programa radial – Fraternidad para Sanar el Mundo. Invitado: Jesús Briceño, Participante de la XVI Asamblea Sinodal en Roma &#8211; Italia."}]},{"@type":"WebSite","@id":"https://www.iec2024.ec/en/#website","url":"https://www.iec2024.ec/en/","name":"IEC 2024","description":"","publisher":{"@id":"https://www.iec2024.ec/en/#organization"},"potentialAction":[{"@type":"SearchAction","target":{"@type":"EntryPoint","urlTemplate":"https://www.iec2024.ec/en/?s={search_term_string}"},"query-input":"required name=search_term_string"}],"inLanguage":"en-US"},{"@type":"Organization","@id":"https://www.iec2024.ec/en/#organization","name":"IEC 2024","url":"https://www.iec2024.ec/en/","logo":{"@type":"ImageObject","inLanguage":"en-US","@id":"https://www.iec2024.ec/en/#/schema/logo/image/","url":"https://www.iec2024.ec/wp-content/uploads/2024/01/cropped-logo-2024.png","contentUrl":"https://www.iec2024.ec/wp-content/uploads/2024/01/cropped-logo-2024.png","width":1277,"height":332,"caption":"IEC 2024"},"image":{"@id":"https://www.iec2024.ec/en/#/schema/logo/image/"}}]}</script>
<!-- / Yoast SEO plugin. -->

Trigésimo tercer programa radial – Fraternidad para Sanar el Mundo. Invitado: Jesús Briceño, Participante de la XVI Asamblea Sinodal en Roma - Italia. - IEC 2024

Invitado: Jesús Briceño, Participante de la XVI Asamblea Sinodal en Roma &#8211; Italia. Tema: Nos contará su experiencia como parte de los 28 latinoamericanos no obispos que asistieron a este importante encuentro de la Iglesia. &nbsp;
