{"id":17712,"date":"2023-08-22T18:04:45","date_gmt":"2023-08-22T23:04:45","guid":{"rendered":"https:\/\/www.iec2024.ec\/vida-cristiana\/adoracion-del-santisimo\/"},"modified":"2023-08-22T18:04:45","modified_gmt":"2023-08-22T23:04:45","slug":"adoracion-del-santisimo","status":"publish","type":"vida-cristiana","link":"https:\/\/www.iec2024.ec\/en\/vida-cristiana\/adoracion-del-santisimo\/","title":{"rendered":"Adoraci\u00f3n del Sant\u00edsimo"},"content":{"rendered":"<p><b>La adoraci\u00f3n eucar\u00edstica es un momento de intimidad, de confianza y de amistad con Dios.\u00a0 <\/b><\/p>\n<p>En esos ratos de oraci\u00f3n ante el Sant\u00edsimo, ante Jes\u00fas Sacramentado, recordamos que su presencia es fruto del amor que nos tiene.<\/p>\n<p>Tradici\u00f3n que reci\u00e9n comienza en el siglo XIII en Francia con la adoraci\u00f3n perpetua. Es decir estar todo el rato junto al Se\u00f1or y entre personas o grupos se van cubriendo para adorar al Se\u00f1or expuesto en la Custodia, sin dejarlo solo.<\/p>\n<p>Esto es l\u00f3gico, y aunque los primeros cristianos solo lo viv\u00edan en la fracci\u00f3n del pan, nosotros hemos ido profundizando cada vez m\u00e1s con la Santa Misa y esa presencia verdadera de Jesucristo en el Sagrario.<\/p>\n<p>En el coraz\u00f3n del pueblo cristiano ya est\u00e1 incorporada esta manifestaci\u00f3n de amor para acompa\u00f1arle todo el tiempo que se pueda y poderle expresar todo el cari\u00f1o que llevamos dentro.<\/p>\n<p><b>\u00bfLogras ver con los ojos de la fe, del agradecimiento, de la entrega, de la caridad esta locura de Amor?; \u00bfC\u00f3mo podemos hacer nosotros lo mismo en nuestro d\u00eda a d\u00eda?<\/b><\/p>\n<p><i>\u201cYo iba entrando a la iglesia para la Hora Santa. \u00c9l : \u201cLo que vale tu peque\u00f1a visita de todos los d\u00edas, lo ver\u00e1s mejor cuando est\u00e9s All\u00e1. Que nunca te falte. Y que te sea natural y dulce, pues de ser as\u00ed crecer\u00e1 tu m\u00e9rito. Ya sabes que Me reh\u00faso a forzar las voluntades; y este respeto M\u00edo por vuestra voluntad es una forma m\u00e1s de Amor.\u201d\u00a0<\/i>\u00c9l y Yo de Gabriela Bossis \u2013 El Sentir del Coraz\u00f3n <i>N\u00ba 21 Eucarist\u00eda, <\/i>888\/<\/p>\n","protected":false},"excerpt":{"rendered":"<p>La adoraci\u00f3n eucar\u00edstica es un momento de intimidad, de confianza y de amistad con Dios. En esos ratos de oraci\u00f3n ante el Sant\u00edsimo recordamos que su presencia es fruto del amor que nos tiene. <\/p>\n","protected":false},"author":4,"featured_media":4755,"parent":0,"template":"","format":"standard","acf":[],"yoast_head":"<!-- This site is optimized with the Yoast SEO plugin v21.1 - https:\/\/yoast.com\/wordpress\/plugins\/seo\/ -->\n<title>Adoraci\u00f3n del Sant\u00edsimo - IEC 2024<\/title>\n<meta name=\"robots\" content=\"index, follow, max-snippet:-1, max-image-preview:large, max-video-preview:-1\" \/>\n<link rel=\"canonical\" href=\"https:\/\/www.iec2024.ec\/en\/vida-cristiana\/adoracion-del-santisimo\/\" \/>\n<meta property=\"og:locale\" content=\"en_US\" \/>\n<meta property=\"og:type\" content=\"article\" \/>\n<meta property=\"og:title\" content=\"Adoraci\u00f3n del Sant\u00edsimo - IEC 2024\" \/>\n<meta property=\"og:description\" content=\"La adoraci\u00f3n eucar\u00edstica es un momento de intimidad, de confianza y de amistad con Dios. En esos ratos de oraci\u00f3n ante el Sant\u00edsimo recordamos que su presencia es fruto del amor que nos tiene.\" \/>\n<meta property=\"og:url\" content=\"https:\/\/www.iec2024.ec\/en\/vida-cristiana\/adoracion-del-santisimo\/\" \/>\n<meta property=\"og:site_name\" content=\"IEC 2024\" \/>\n<meta name=\"twitter:card\" content=\"summary_large_image\" \/>\n<meta name=\"twitter:label1\" content=\"Est. reading time\" \/>\n\t<meta name=\"twitter:data1\" content=\"1 minute\" \/>\n<script type=\"application\/ld+json\" class=\"yoast-schema-graph\">{\"@context\":\"https:\/\/schema.org\",\"@graph\":[{\"@type\":\"WebPage\",\"@id\":\"https:\/\/www.iec2024.ec\/en\/vida-cristiana\/adoracion-del-santisimo\/\",\"url\":\"https:\/\/www.iec2024.ec\/en\/vida-cristiana\/adoracion-del-santisimo\/\",\"name\":\"Adoraci\u00f3n del Sant\u00edsimo - IEC 2024\",\"isPartOf\":{\"@id\":\"https:\/\/www.iec2024.ec\/en\/#website\"},\"datePublished\":\"2023-08-22T23:04:45+00:00\",\"dateModified\":\"2023-08-22T23:04:45+00:00\",\"breadcrumb\":{\"@id\":\"https:\/\/www.iec2024.ec\/en\/vida-cristiana\/adoracion-del-santisimo\/#breadcrumb\"},\"inLanguage\":\"en-US\",\"potentialAction\":[{\"@type\":\"ReadAction\",\"target\":[\"https:\/\/www.iec2024.ec\/en\/vida-cristiana\/adoracion-del-santisimo\/\"]}]},{\"@type\":\"BreadcrumbList\",\"@id\":\"https:\/\/www.iec2024.ec\/en\/vida-cristiana\/adoracion-del-santisimo\/#breadcrumb\",\"itemListElement\":[{\"@type\":\"ListItem\",\"position\":1,\"name\":\"Portada\",\"item\":\"https:\/\/www.iec2024.ec\/en\/\"},{\"@type\":\"ListItem\",\"position\":2,\"name\":\"Adoraci\u00f3n del Sant\u00edsimo\"}]},{\"@type\":\"WebSite\",\"@id\":\"https:\/\/www.iec2024.ec\/en\/#website\",\"url\":\"https:\/\/www.iec2024.ec\/en\/\",\"name\":\"IEC 2024\",\"description\":\"\",\"publisher\":{\"@id\":\"https:\/\/www.iec2024.ec\/en\/#organization\"},\"potentialAction\":[{\"@type\":\"SearchAction\",\"target\":{\"@type\":\"EntryPoint\",\"urlTemplate\":\"https:\/\/www.iec2024.ec\/en\/?s={search_term_string}\"},\"query-input\":\"required name=search_term_string\"}],\"inLanguage\":\"en-US\"},{\"@type\":\"Organization\",\"@id\":\"https:\/\/www.iec2024.ec\/en\/#organization\",\"name\":\"IEC 2024\",\"url\":\"https:\/\/www.iec2024.ec\/en\/\",\"logo\":{\"@type\":\"ImageObject\",\"inLanguage\":\"en-US\",\"@id\":\"https:\/\/www.iec2024.ec\/en\/#\/schema\/logo\/image\/\",\"url\":\"https:\/\/www.iec2024.ec\/wp-content\/uploads\/2024\/01\/cropped-logo-2024.png\",\"contentUrl\":\"https:\/\/www.iec2024.ec\/wp-content\/uploads\/2024\/01\/cropped-logo-2024.png\",\"width\":1277,\"height\":332,\"caption\":\"IEC 2024\"},\"image\":{\"@id\":\"https:\/\/www.iec2024.ec\/en\/#\/schema\/logo\/image\/\"}}]}<\/script>\n<!-- \/ Yoast SEO plugin. -->","yoast_head_json":{"title":"Adoraci\u00f3n del Sant\u00edsimo - IEC 2024","robots":{"index":"index","follow":"follow","max-snippet":"max-snippet:-1","max-image-preview":"max-image-preview:large","max-video-preview":"max-video-preview:-1"},"canonical":"https:\/\/www.iec2024.ec\/en\/vida-cristiana\/adoracion-del-santisimo\/","og_locale":"en_US","og_type":"article","og_title":"Adoraci\u00f3n del Sant\u00edsimo - IEC 2024","og_description":"La adoraci\u00f3n eucar\u00edstica es un momento de intimidad, de confianza y de amistad con Dios. En esos ratos de oraci\u00f3n ante el Sant\u00edsimo recordamos que su presencia es fruto del amor que nos tiene.","og_url":"https:\/\/www.iec2024.ec\/en\/vida-cristiana\/adoracion-del-santisimo\/","og_site_name":"IEC 2024","twitter_card":"summary_large_image","twitter_misc":{"Est. reading time":"1 minute"},"schema":{"@context":"https:\/\/schema.org","@graph":[{"@type":"WebPage","@id":"https:\/\/www.iec2024.ec\/en\/vida-cristiana\/adoracion-del-santisimo\/","url":"https:\/\/www.iec2024.ec\/en\/vida-cristiana\/adoracion-del-santisimo\/","name":"Adoraci\u00f3n del Sant\u00edsimo - IEC 2024","isPartOf":{"@id":"https:\/\/www.iec2024.ec\/en\/#website"},"datePublished":"2023-08-22T23:04:45+00:00","dateModified":"2023-08-22T23:04:45+00:00","breadcrumb":{"@id":"https:\/\/www.iec2024.ec\/en\/vida-cristiana\/adoracion-del-santisimo\/#breadcrumb"},"inLanguage":"en-US","potentialAction":[{"@type":"ReadAction","target":["https:\/\/www.iec2024.ec\/en\/vida-cristiana\/adoracion-del-santisimo\/"]}]},{"@type":"BreadcrumbList","@id":"https:\/\/www.iec2024.ec\/en\/vida-cristiana\/adoracion-del-santisimo\/#breadcrumb","itemListElement":[{"@type":"ListItem","position":1,"name":"Portada","item":"https:\/\/www.iec2024.ec\/en\/"},{"@type":"ListItem","position":2,"name":"Adoraci\u00f3n del Sant\u00edsimo"}]},{"@type":"WebSite","@id":"https:\/\/www.iec2024.ec\/en\/#website","url":"https:\/\/www.iec2024.ec\/en\/","name":"IEC 2024","description":"","publisher":{"@id":"https:\/\/www.iec2024.ec\/en\/#organization"},"potentialAction":[{"@type":"SearchAction","target":{"@type":"EntryPoint","urlTemplate":"https:\/\/www.iec2024.ec\/en\/?s={search_term_string}"},"query-input":"required name=search_term_string"}],"inLanguage":"en-US"},{"@type":"Organization","@id":"https:\/\/www.iec2024.ec\/en\/#organization","name":"IEC 2024","url":"https:\/\/www.iec2024.ec\/en\/","logo":{"@type":"ImageObject","inLanguage":"en-US","@id":"https:\/\/www.iec2024.ec\/en\/#\/schema\/logo\/image\/","url":"https:\/\/www.iec2024.ec\/wp-content\/uploads\/2024\/01\/cropped-logo-2024.png","contentUrl":"https:\/\/www.iec2024.ec\/wp-content\/uploads\/2024\/01\/cropped-logo-2024.png","width":1277,"height":332,"caption":"IEC 2024"},"image":{"@id":"https:\/\/www.iec2024.ec\/en\/#\/schema\/logo\/image\/"}}]}},"_links":{"self":[{"href":"https:\/\/www.iec2024.ec\/en\/wp-json\/wp\/v2\/vida-cristiana\/17712"}],"collection":[{"href":"https:\/\/www.iec2024.ec\/en\/wp-json\/wp\/v2\/vida-cristiana"}],"about":[{"href":"https:\/\/www.iec2024.ec\/en\/wp-json\/wp\/v2\/types\/vida-cristiana"}],"author":[{"embeddable":true,"href":"https:\/\/www.iec2024.ec\/en\/wp-json\/wp\/v2\/users\/4"}],"version-history":[{"count":0,"href":"https:\/\/www.iec2024.ec\/en\/wp-json\/wp\/v2\/vida-cristiana\/17712\/revisions"}],"wp:featuredmedia":[{"embeddable":true,"href":"https:\/\/www.iec2024.ec\/en\/wp-json\/wp\/v2\/media\/4755"}],"wp:attachment":[{"href":"https:\/\/www.iec2024.ec\/en\/wp-json\/wp\/v2\/media?parent=17712"}],"curies":[{"name":"wp","href":"https:\/\/api.w.org\/{rel}","templated":true}]}}

Adoración del Santísimo

<p><b>La adoración eucarística es un momento de intimidad, de confianza y de amistad con Dios.  </b></p>
<p>En esos ratos de oración ante el Santísimo, ante Jesús Sacramentado, recordamos que su presencia es fruto del amor que nos tiene.</p>
<p>Tradición que recién comienza en el siglo XIII en Francia con la adoración perpetua. Es decir estar todo el rato junto al Señor y entre personas o grupos se van cubriendo para adorar al Señor expuesto en la Custodia, sin dejarlo solo.</p>
<p>Esto es lógico, y aunque los primeros cristianos solo lo vivían en la fracción del pan, nosotros hemos ido profundizando cada vez más con la Santa Misa y esa presencia verdadera de Jesucristo en el Sagrario.</p>
<p>En el corazón del pueblo cristiano ya está incorporada esta manifestación de amor para acompañarle todo el tiempo que se pueda y poderle expresar todo el cariño que llevamos dentro.</p>
<p><b>¿Logras ver con los ojos de la fe, del agradecimiento, de la entrega, de la caridad esta locura de Amor?; ¿Cómo podemos hacer nosotros lo mismo en nuestro día a día?</b></p>
<p><i>“Yo iba entrando a la iglesia para la Hora Santa. Él : “Lo que vale tu pequeña visita de todos los días, lo verás mejor cuando estés Allá. Que nunca te falte. Y que te sea natural y dulce, pues de ser así crecerá tu mérito. Ya sabes que Me rehúso a forzar las voluntades; y este respeto Mío por vuestra voluntad es una forma más de Amor.” </i>Él y Yo de Gabriela Bossis – El Sentir del Corazón <i>Nº 21 Eucaristía, </i>888/</p>

<p>La adoración eucarística es un momento de intimidad, de confianza y de amistad con Dios. En esos ratos de oración ante el Santísimo recordamos que su presencia es fruto del amor que nos tiene. </p>

<!-- This site is optimized with the Yoast SEO plugin v21.1 - https://yoast.com/wordpress/plugins/seo/ -->
<title>Adoración del Santísimo - IEC 2024</title>
<meta name="robots" content="index, follow, max-snippet:-1, max-image-preview:large, max-video-preview:-1" />
<link rel="canonical" href="https://www.iec2024.ec/en/vida-cristiana/adoracion-del-santisimo/" />
<meta property="og:locale" content="en_US" />
<meta property="og:type" content="article" />
<meta property="og:title" content="Adoración del Santísimo - IEC 2024" />
<meta property="og:description" content="La adoración eucarística es un momento de intimidad, de confianza y de amistad con Dios. En esos ratos de oración ante el Santísimo recordamos que su presencia es fruto del amor que nos tiene." />
<meta property="og:url" content="https://www.iec2024.ec/en/vida-cristiana/adoracion-del-santisimo/" />
<meta property="og:site_name" content="IEC 2024" />
<meta name="twitter:card" content="summary_large_image" />
<meta name="twitter:label1" content="Est. reading time" />
	<meta name="twitter:data1" content="1 minute" />
<script type="application/ld+json" class="yoast-schema-graph">{"@context":"https://schema.org","@graph":[{"@type":"WebPage","@id":"https://www.iec2024.ec/en/vida-cristiana/adoracion-del-santisimo/","url":"https://www.iec2024.ec/en/vida-cristiana/adoracion-del-santisimo/","name":"Adoración del Santísimo - IEC 2024","isPartOf":{"@id":"https://www.iec2024.ec/en/#website"},"datePublished":"2023-08-22T23:04:45+00:00","dateModified":"2023-08-22T23:04:45+00:00","breadcrumb":{"@id":"https://www.iec2024.ec/en/vida-cristiana/adoracion-del-santisimo/#breadcrumb"},"inLanguage":"en-US","potentialAction":[{"@type":"ReadAction","target":["https://www.iec2024.ec/en/vida-cristiana/adoracion-del-santisimo/"]}]},{"@type":"BreadcrumbList","@id":"https://www.iec2024.ec/en/vida-cristiana/adoracion-del-santisimo/#breadcrumb","itemListElement":[{"@type":"ListItem","position":1,"name":"Portada","item":"https://www.iec2024.ec/en/"},{"@type":"ListItem","position":2,"name":"Adoración del Santísimo"}]},{"@type":"WebSite","@id":"https://www.iec2024.ec/en/#website","url":"https://www.iec2024.ec/en/","name":"IEC 2024","description":"","publisher":{"@id":"https://www.iec2024.ec/en/#organization"},"potentialAction":[{"@type":"SearchAction","target":{"@type":"EntryPoint","urlTemplate":"https://www.iec2024.ec/en/?s={search_term_string}"},"query-input":"required name=search_term_string"}],"inLanguage":"en-US"},{"@type":"Organization","@id":"https://www.iec2024.ec/en/#organization","name":"IEC 2024","url":"https://www.iec2024.ec/en/","logo":{"@type":"ImageObject","inLanguage":"en-US","@id":"https://www.iec2024.ec/en/#/schema/logo/image/","url":"https://www.iec2024.ec/wp-content/uploads/2024/01/cropped-logo-2024.png","contentUrl":"https://www.iec2024.ec/wp-content/uploads/2024/01/cropped-logo-2024.png","width":1277,"height":332,"caption":"IEC 2024"},"image":{"@id":"https://www.iec2024.ec/en/#/schema/logo/image/"}}]}</script>
<!-- / Yoast SEO plugin. -->

Adoración del Santísimo - IEC 2024

La adoración eucarística es un momento de intimidad, de confianza y de amistad con Dios. En esos ratos de oración ante el Santísimo recordamos que su presencia es fruto del amor que nos tiene.
