{"id":10961,"date":"2024-12-01T23:57:04","date_gmt":"2024-12-02T04:57:04","guid":{"rendered":"https:\/\/www.iec2024.ec\/evento\/1-de-enero-santa-maria-madre-de-dios-jornada-mundial-de-la-paz-2023\/"},"modified":"2024-02-07T15:03:59","modified_gmt":"2024-02-07T20:03:59","slug":"1-de-enero-santa-maria-madre-de-dios-jornada-mundial-de-la-paz-2023","status":"publish","type":"evento","link":"https:\/\/www.iec2024.ec\/it\/evento\/1-de-enero-santa-maria-madre-de-dios-jornada-mundial-de-la-paz-2023\/","title":{"rendered":"01 Gennaio: Santa Maria Madre di Dio Giornata Mondiale della Pace 2023"},"content":{"rendered":"","protected":false},"excerpt":{"rendered":"<p>&#8220;La paternit\u00e0 di Dio \u00e8 generatrice di fraternit\u00e0 che riconosciamo nello scambio di un segno di pace&#8221;.<br \/>\nNumero 32 del Documento di Base<\/p>\n","protected":false},"author":1,"featured_media":9669,"parent":0,"template":"","format":"standard","acf":[],"yoast_head":"<!-- This site is optimized with the Yoast SEO plugin v21.1 - https:\/\/yoast.com\/wordpress\/plugins\/seo\/ -->\n<title>01 Gennaio: Santa Maria Madre di Dio Giornata Mondiale della Pace 2023 - IEC 2024<\/title>\n<meta name=\"robots\" content=\"index, follow, max-snippet:-1, max-image-preview:large, max-video-preview:-1\" \/>\n<link rel=\"canonical\" href=\"https:\/\/www.iec2024.ec\/it\/evento\/1-de-enero-santa-maria-madre-de-dios-jornada-mundial-de-la-paz-2023\/\" \/>\n<meta property=\"og:locale\" content=\"it_IT\" \/>\n<meta property=\"og:type\" content=\"article\" \/>\n<meta property=\"og:title\" content=\"01 Gennaio: Santa Maria Madre di Dio Giornata Mondiale della Pace 2023 - IEC 2024\" \/>\n<meta property=\"og:description\" content=\"&quot;La paternit\u00e0 di Dio \u00e8 generatrice di fraternit\u00e0 che riconosciamo nello scambio di un segno di pace&quot;. Numero 32 del Documento di Base\" \/>\n<meta property=\"og:url\" content=\"https:\/\/www.iec2024.ec\/it\/evento\/1-de-enero-santa-maria-madre-de-dios-jornada-mundial-de-la-paz-2023\/\" \/>\n<meta property=\"og:site_name\" content=\"IEC 2024\" \/>\n<meta property=\"article:modified_time\" content=\"2024-02-07T20:03:59+00:00\" \/>\n<meta property=\"og:image\" content=\"https:\/\/www.iec2024.ec\/wp-content\/uploads\/2024\/01\/evento1-1.jpg\" \/>\n\t<meta property=\"og:image:width\" content=\"1920\" \/>\n\t<meta property=\"og:image:height\" content=\"1080\" \/>\n\t<meta property=\"og:image:type\" content=\"image\/jpeg\" \/>\n<meta name=\"twitter:card\" content=\"summary_large_image\" \/>\n<script type=\"application\/ld+json\" class=\"yoast-schema-graph\">{\"@context\":\"https:\/\/schema.org\",\"@graph\":[{\"@type\":\"WebPage\",\"@id\":\"https:\/\/www.iec2024.ec\/it\/evento\/1-de-enero-santa-maria-madre-de-dios-jornada-mundial-de-la-paz-2023\/\",\"url\":\"https:\/\/www.iec2024.ec\/it\/evento\/1-de-enero-santa-maria-madre-de-dios-jornada-mundial-de-la-paz-2023\/\",\"name\":\"01 Gennaio: Santa Maria Madre di Dio Giornata Mondiale della Pace 2023 - IEC 2024\",\"isPartOf\":{\"@id\":\"https:\/\/www.iec2024.ec\/it\/#website\"},\"datePublished\":\"2024-12-02T04:57:04+00:00\",\"dateModified\":\"2024-02-07T20:03:59+00:00\",\"breadcrumb\":{\"@id\":\"https:\/\/www.iec2024.ec\/it\/evento\/1-de-enero-santa-maria-madre-de-dios-jornada-mundial-de-la-paz-2023\/#breadcrumb\"},\"inLanguage\":\"it-IT\",\"potentialAction\":[{\"@type\":\"ReadAction\",\"target\":[\"https:\/\/www.iec2024.ec\/it\/evento\/1-de-enero-santa-maria-madre-de-dios-jornada-mundial-de-la-paz-2023\/\"]}]},{\"@type\":\"BreadcrumbList\",\"@id\":\"https:\/\/www.iec2024.ec\/it\/evento\/1-de-enero-santa-maria-madre-de-dios-jornada-mundial-de-la-paz-2023\/#breadcrumb\",\"itemListElement\":[{\"@type\":\"ListItem\",\"position\":1,\"name\":\"Portada\",\"item\":\"https:\/\/www.iec2024.ec\/it\/\"},{\"@type\":\"ListItem\",\"position\":2,\"name\":\"Eventos\",\"item\":\"https:\/\/www.iec2024.ec\/it\/evento\/\"},{\"@type\":\"ListItem\",\"position\":3,\"name\":\"01 Gennaio: Santa Maria Madre di Dio Giornata Mondiale della Pace 2023\"}]},{\"@type\":\"WebSite\",\"@id\":\"https:\/\/www.iec2024.ec\/it\/#website\",\"url\":\"https:\/\/www.iec2024.ec\/it\/\",\"name\":\"IEC 2024\",\"description\":\"\",\"publisher\":{\"@id\":\"https:\/\/www.iec2024.ec\/it\/#organization\"},\"potentialAction\":[{\"@type\":\"SearchAction\",\"target\":{\"@type\":\"EntryPoint\",\"urlTemplate\":\"https:\/\/www.iec2024.ec\/it\/?s={search_term_string}\"},\"query-input\":\"required name=search_term_string\"}],\"inLanguage\":\"it-IT\"},{\"@type\":\"Organization\",\"@id\":\"https:\/\/www.iec2024.ec\/it\/#organization\",\"name\":\"IEC 2024\",\"url\":\"https:\/\/www.iec2024.ec\/it\/\",\"logo\":{\"@type\":\"ImageObject\",\"inLanguage\":\"it-IT\",\"@id\":\"https:\/\/www.iec2024.ec\/it\/#\/schema\/logo\/image\/\",\"url\":\"https:\/\/www.iec2024.ec\/wp-content\/uploads\/2024\/01\/cropped-logo-2024.png\",\"contentUrl\":\"https:\/\/www.iec2024.ec\/wp-content\/uploads\/2024\/01\/cropped-logo-2024.png\",\"width\":1277,\"height\":332,\"caption\":\"IEC 2024\"},\"image\":{\"@id\":\"https:\/\/www.iec2024.ec\/it\/#\/schema\/logo\/image\/\"}}]}<\/script>\n<!-- \/ Yoast SEO plugin. -->","yoast_head_json":{"title":"01 Gennaio: Santa Maria Madre di Dio Giornata Mondiale della Pace 2023 - IEC 2024","robots":{"index":"index","follow":"follow","max-snippet":"max-snippet:-1","max-image-preview":"max-image-preview:large","max-video-preview":"max-video-preview:-1"},"canonical":"https:\/\/www.iec2024.ec\/it\/evento\/1-de-enero-santa-maria-madre-de-dios-jornada-mundial-de-la-paz-2023\/","og_locale":"it_IT","og_type":"article","og_title":"01 Gennaio: Santa Maria Madre di Dio Giornata Mondiale della Pace 2023 - IEC 2024","og_description":"\"La paternit\u00e0 di Dio \u00e8 generatrice di fraternit\u00e0 che riconosciamo nello scambio di un segno di pace\". Numero 32 del Documento di Base","og_url":"https:\/\/www.iec2024.ec\/it\/evento\/1-de-enero-santa-maria-madre-de-dios-jornada-mundial-de-la-paz-2023\/","og_site_name":"IEC 2024","article_modified_time":"2024-02-07T20:03:59+00:00","og_image":[{"width":1920,"height":1080,"url":"https:\/\/www.iec2024.ec\/wp-content\/uploads\/2024\/01\/evento1-1.jpg","type":"image\/jpeg"}],"twitter_card":"summary_large_image","schema":{"@context":"https:\/\/schema.org","@graph":[{"@type":"WebPage","@id":"https:\/\/www.iec2024.ec\/it\/evento\/1-de-enero-santa-maria-madre-de-dios-jornada-mundial-de-la-paz-2023\/","url":"https:\/\/www.iec2024.ec\/it\/evento\/1-de-enero-santa-maria-madre-de-dios-jornada-mundial-de-la-paz-2023\/","name":"01 Gennaio: Santa Maria Madre di Dio Giornata Mondiale della Pace 2023 - IEC 2024","isPartOf":{"@id":"https:\/\/www.iec2024.ec\/it\/#website"},"datePublished":"2024-12-02T04:57:04+00:00","dateModified":"2024-02-07T20:03:59+00:00","breadcrumb":{"@id":"https:\/\/www.iec2024.ec\/it\/evento\/1-de-enero-santa-maria-madre-de-dios-jornada-mundial-de-la-paz-2023\/#breadcrumb"},"inLanguage":"it-IT","potentialAction":[{"@type":"ReadAction","target":["https:\/\/www.iec2024.ec\/it\/evento\/1-de-enero-santa-maria-madre-de-dios-jornada-mundial-de-la-paz-2023\/"]}]},{"@type":"BreadcrumbList","@id":"https:\/\/www.iec2024.ec\/it\/evento\/1-de-enero-santa-maria-madre-de-dios-jornada-mundial-de-la-paz-2023\/#breadcrumb","itemListElement":[{"@type":"ListItem","position":1,"name":"Portada","item":"https:\/\/www.iec2024.ec\/it\/"},{"@type":"ListItem","position":2,"name":"Eventos","item":"https:\/\/www.iec2024.ec\/it\/evento\/"},{"@type":"ListItem","position":3,"name":"01 Gennaio: Santa Maria Madre di Dio Giornata Mondiale della Pace 2023"}]},{"@type":"WebSite","@id":"https:\/\/www.iec2024.ec\/it\/#website","url":"https:\/\/www.iec2024.ec\/it\/","name":"IEC 2024","description":"","publisher":{"@id":"https:\/\/www.iec2024.ec\/it\/#organization"},"potentialAction":[{"@type":"SearchAction","target":{"@type":"EntryPoint","urlTemplate":"https:\/\/www.iec2024.ec\/it\/?s={search_term_string}"},"query-input":"required name=search_term_string"}],"inLanguage":"it-IT"},{"@type":"Organization","@id":"https:\/\/www.iec2024.ec\/it\/#organization","name":"IEC 2024","url":"https:\/\/www.iec2024.ec\/it\/","logo":{"@type":"ImageObject","inLanguage":"it-IT","@id":"https:\/\/www.iec2024.ec\/it\/#\/schema\/logo\/image\/","url":"https:\/\/www.iec2024.ec\/wp-content\/uploads\/2024\/01\/cropped-logo-2024.png","contentUrl":"https:\/\/www.iec2024.ec\/wp-content\/uploads\/2024\/01\/cropped-logo-2024.png","width":1277,"height":332,"caption":"IEC 2024"},"image":{"@id":"https:\/\/www.iec2024.ec\/it\/#\/schema\/logo\/image\/"}}]}},"_links":{"self":[{"href":"https:\/\/www.iec2024.ec\/it\/wp-json\/wp\/v2\/evento\/10961"}],"collection":[{"href":"https:\/\/www.iec2024.ec\/it\/wp-json\/wp\/v2\/evento"}],"about":[{"href":"https:\/\/www.iec2024.ec\/it\/wp-json\/wp\/v2\/types\/evento"}],"author":[{"embeddable":true,"href":"https:\/\/www.iec2024.ec\/it\/wp-json\/wp\/v2\/users\/1"}],"version-history":[{"count":3,"href":"https:\/\/www.iec2024.ec\/it\/wp-json\/wp\/v2\/evento\/10961\/revisions"}],"predecessor-version":[{"id":11058,"href":"https:\/\/www.iec2024.ec\/it\/wp-json\/wp\/v2\/evento\/10961\/revisions\/11058"}],"wp:featuredmedia":[{"embeddable":true,"href":"https:\/\/www.iec2024.ec\/it\/wp-json\/wp\/v2\/media\/9669"}],"wp:attachment":[{"href":"https:\/\/www.iec2024.ec\/it\/wp-json\/wp\/v2\/media?parent=10961"}],"curies":[{"name":"wp","href":"https:\/\/api.w.org\/{rel}","templated":true}]}}

<p>&#8220;La paternità di Dio è generatrice di fraternità che riconosciamo nello scambio di un segno di pace&#8221;.<br />
Numero 32 del Documento di Base</p>

<!-- This site is optimized with the Yoast SEO plugin v21.1 - https://yoast.com/wordpress/plugins/seo/ -->
<title>01 Gennaio: Santa Maria Madre di Dio Giornata Mondiale della Pace 2023 - IEC 2024</title>
<meta name="robots" content="index, follow, max-snippet:-1, max-image-preview:large, max-video-preview:-1" />
<link rel="canonical" href="https://www.iec2024.ec/it/evento/1-de-enero-santa-maria-madre-de-dios-jornada-mundial-de-la-paz-2023/" />
<meta property="og:locale" content="it_IT" />
<meta property="og:type" content="article" />
<meta property="og:title" content="01 Gennaio: Santa Maria Madre di Dio Giornata Mondiale della Pace 2023 - IEC 2024" />
<meta property="og:description" content="&quot;La paternità di Dio è generatrice di fraternità che riconosciamo nello scambio di un segno di pace&quot;. Numero 32 del Documento di Base" />
<meta property="og:url" content="https://www.iec2024.ec/it/evento/1-de-enero-santa-maria-madre-de-dios-jornada-mundial-de-la-paz-2023/" />
<meta property="og:site_name" content="IEC 2024" />
<meta property="article:modified_time" content="2024-02-07T20:03:59+00:00" />
<meta property="og:image" content="https://www.iec2024.ec/wp-content/uploads/2024/01/evento1-1.jpg" />
	<meta property="og:image:width" content="1920" />
	<meta property="og:image:height" content="1080" />
	<meta property="og:image:type" content="image/jpeg" />
<meta name="twitter:card" content="summary_large_image" />
<script type="application/ld+json" class="yoast-schema-graph">{"@context":"https://schema.org","@graph":[{"@type":"WebPage","@id":"https://www.iec2024.ec/it/evento/1-de-enero-santa-maria-madre-de-dios-jornada-mundial-de-la-paz-2023/","url":"https://www.iec2024.ec/it/evento/1-de-enero-santa-maria-madre-de-dios-jornada-mundial-de-la-paz-2023/","name":"01 Gennaio: Santa Maria Madre di Dio Giornata Mondiale della Pace 2023 - IEC 2024","isPartOf":{"@id":"https://www.iec2024.ec/it/#website"},"datePublished":"2024-12-02T04:57:04+00:00","dateModified":"2024-02-07T20:03:59+00:00","breadcrumb":{"@id":"https://www.iec2024.ec/it/evento/1-de-enero-santa-maria-madre-de-dios-jornada-mundial-de-la-paz-2023/#breadcrumb"},"inLanguage":"it-IT","potentialAction":[{"@type":"ReadAction","target":["https://www.iec2024.ec/it/evento/1-de-enero-santa-maria-madre-de-dios-jornada-mundial-de-la-paz-2023/"]}]},{"@type":"BreadcrumbList","@id":"https://www.iec2024.ec/it/evento/1-de-enero-santa-maria-madre-de-dios-jornada-mundial-de-la-paz-2023/#breadcrumb","itemListElement":[{"@type":"ListItem","position":1,"name":"Portada","item":"https://www.iec2024.ec/it/"},{"@type":"ListItem","position":2,"name":"Eventos","item":"https://www.iec2024.ec/it/evento/"},{"@type":"ListItem","position":3,"name":"01 Gennaio: Santa Maria Madre di Dio Giornata Mondiale della Pace 2023"}]},{"@type":"WebSite","@id":"https://www.iec2024.ec/it/#website","url":"https://www.iec2024.ec/it/","name":"IEC 2024","description":"","publisher":{"@id":"https://www.iec2024.ec/it/#organization"},"potentialAction":[{"@type":"SearchAction","target":{"@type":"EntryPoint","urlTemplate":"https://www.iec2024.ec/it/?s={search_term_string}"},"query-input":"required name=search_term_string"}],"inLanguage":"it-IT"},{"@type":"Organization","@id":"https://www.iec2024.ec/it/#organization","name":"IEC 2024","url":"https://www.iec2024.ec/it/","logo":{"@type":"ImageObject","inLanguage":"it-IT","@id":"https://www.iec2024.ec/it/#/schema/logo/image/","url":"https://www.iec2024.ec/wp-content/uploads/2024/01/cropped-logo-2024.png","contentUrl":"https://www.iec2024.ec/wp-content/uploads/2024/01/cropped-logo-2024.png","width":1277,"height":332,"caption":"IEC 2024"},"image":{"@id":"https://www.iec2024.ec/it/#/schema/logo/image/"}}]}</script>
<!-- / Yoast SEO plugin. -->

"La paternità di Dio è generatrice di fraternità che riconosciamo nello scambio di un segno di pace". Numero 32 del Documento di Base
